Last updated on 2022-06-28 23:54:09 CEST.
Flavor | Version | Tinstall | Tcheck | Ttotal | Status | Flags |
---|---|---|---|---|---|---|
r-devel-linux-x86_64-debian-clang | 0.2.0 | 3.60 | 42.97 | 46.57 | OK | |
r-devel-linux-x86_64-debian-gcc | 0.2.0 | 2.65 | 33.33 | 35.98 | OK | |
r-devel-linux-x86_64-fedora-clang | 0.2.0 | 67.08 | NOTE | |||
r-devel-linux-x86_64-fedora-gcc | 0.2.0 | 66.08 | NOTE | |||
r-devel-windows-x86_64 | 0.2.0 | 24.00 | 73.00 | 97.00 | OK | |
r-patched-linux-x86_64 | 0.2.0 | 3.53 | 42.85 | 46.38 | OK | |
r-release-linux-x86_64 | 0.2.0 | 2.13 | 41.72 | 43.85 | OK | |
r-release-macos-arm64 | 0.2.0 | 24.00 | NOTE | |||
r-release-macos-x86_64 | 0.2.0 | 40.00 | NOTE | |||
r-release-windows-x86_64 | 0.2.0 | 30.00 | 73.00 | 103.00 | OK | |
r-oldrel-macos-arm64 | 0.2.0 | 24.00 | NOTE | |||
r-oldrel-macos-x86_64 | 0.2.0 | 31.00 | NOTE | |||
r-oldrel-windows-ix86+x86_64 | 0.2.0 | 9.00 | 68.00 | 77.00 | OK |
Version: 0.2.0
Check: dependencies in R code
Result: NOTE
Namespaces in Imports field not imported from:
‘caret’ ‘randomForest’
All declared Imports should be used.
Flavors: r-devel-linux-x86_64-fedora-clang, r-devel-linux-x86_64-fedora-gcc, r-release-macos-arm64, r-release-macos-x86_64, r-oldrel-macos-arm64, r-oldrel-macos-x86_64