CRAN Package Check Results for Package mlbgameday

Last updated on 2019-10-20 23:47:29 CEST.

Flavor Version Tinstall Tcheck Ttotal Status Flags
r-devel-linux-x86_64-debian-clang 0.2.0 6.47 91.52 97.99 OK
r-devel-linux-x86_64-debian-gcc 0.2.0 5.78 71.64 77.42 OK
r-devel-linux-x86_64-fedora-clang 0.2.0 117.63 NOTE
r-devel-linux-x86_64-fedora-gcc 0.2.0 117.31 NOTE
r-devel-windows-ix86+x86_64 0.2.0 15.00 166.00 181.00 OK
r-patched-linux-x86_64 0.2.0 6.12 90.75 96.87 OK
r-patched-solaris-x86 0.2.0 172.90 NOTE
r-release-linux-x86_64 0.2.0 6.19 91.10 97.29 OK
r-release-windows-ix86+x86_64 0.2.0 21.00 157.00 178.00 OK
r-release-osx-x86_64 0.2.0 NOTE
r-oldrel-windows-ix86+x86_64 0.2.0 8.00 109.00 117.00 OK
r-oldrel-osx-x86_64 0.2.0 NOTE

Check Details

Version: 0.2.0
Check: dependencies in R code
Result: NOTE
    Namespaces in Imports field not imported from:
     ‘doParallel’ ‘iterators’ ‘parallel’
     All declared Imports should be used.
Flavors: r-devel-linux-x86_64-fedora-clang, r-devel-linux-x86_64-fedora-gcc, r-patched-solaris-x86, r-release-osx-x86_64, r-oldrel-osx-x86_64