CRAN Package Check Results for Package mlbgameday

Last updated on 2019-07-15 00:50:39 CEST.

Flavor Version Tinstall Tcheck Ttotal Status Flags
r-devel-linux-x86_64-debian-clang 0.2.0 5.85 93.82 99.67 OK
r-devel-linux-x86_64-debian-gcc 0.2.0 5.49 71.85 77.34 OK
r-devel-linux-x86_64-fedora-clang 0.2.0 114.36 NOTE
r-devel-linux-x86_64-fedora-gcc 0.2.0 112.77 NOTE
r-devel-windows-ix86+x86_64 0.2.0 14.00 115.00 129.00 OK
r-patched-linux-x86_64 0.2.0 6.71 91.06 97.77 OK
r-patched-solaris-x86 0.2.0 179.70 NOTE
r-release-linux-x86_64 0.2.0 6.76 90.75 97.51 OK
r-release-windows-ix86+x86_64 0.2.0 12.00 104.00 116.00 OK
r-release-osx-x86_64 0.2.0 NOTE
r-oldrel-windows-ix86+x86_64 0.2.0 13.00 137.00 150.00 OK
r-oldrel-osx-x86_64 0.2.0 NOTE

Check Details

Version: 0.2.0
Check: dependencies in R code
Result: NOTE
    Namespaces in Imports field not imported from:
     ‘doParallel’ ‘iterators’ ‘parallel’
     All declared Imports should be used.
Flavors: r-devel-linux-x86_64-fedora-clang, r-devel-linux-x86_64-fedora-gcc, r-patched-solaris-x86, r-release-osx-x86_64, r-oldrel-osx-x86_64