Last updated on 2022-06-28 23:54:09 CEST.
Flavor | Version | Tinstall | Tcheck | Ttotal | Status | Flags |
---|---|---|---|---|---|---|
r-devel-linux-x86_64-debian-clang | 1.1.2 | 168.37 | 82.73 | 251.10 | OK | |
r-devel-linux-x86_64-debian-gcc | 1.1.2 | 135.81 | 61.50 | 197.31 | OK | |
r-devel-linux-x86_64-fedora-clang | 1.1.2 | 398.56 | WARN | |||
r-devel-linux-x86_64-fedora-gcc | 1.1.2 | 338.28 | WARN | |||
r-devel-windows-x86_64 | 1.1.2 | 140.00 | 144.00 | 284.00 | OK | |
r-patched-linux-x86_64 | 1.1.2 | 155.50 | 75.11 | 230.61 | OK | |
r-release-linux-x86_64 | 1.1.2 | 140.70 | 76.92 | 217.62 | OK | |
r-release-macos-arm64 | 1.1.2 | 82.00 | NOTE | |||
r-release-macos-x86_64 | 1.1.2 | 109.00 | OK | |||
r-release-windows-x86_64 | 1.1.2 | 141.00 | 141.00 | 282.00 | OK | |
r-oldrel-macos-arm64 | 1.1.2 | 99.00 | NOTE | |||
r-oldrel-macos-x86_64 | 1.1.2 | 152.00 | OK | |||
r-oldrel-windows-ix86+x86_64 | 1.1.2 | 438.00 | 150.00 | 588.00 | OK |
Version: 1.1.2
Check: package dependencies
Result: WARN
Requires orphaned package: ‘gtools’
Flavors: r-devel-linux-x86_64-fedora-clang, r-devel-linux-x86_64-fedora-gcc
Version: 1.1.2
Check: installed package size
Result: NOTE
installed size is 5.9Mb
sub-directories of 1Mb or more:
libs 5.4Mb
Flavors: r-release-macos-arm64, r-oldrel-macos-arm64