Last updated on 2023-03-27 00:50:30 CEST.
Flavor | Version | Tinstall | Tcheck | Ttotal | Status | Flags |
---|---|---|---|---|---|---|
r-devel-linux-x86_64-debian-clang | 1.1.1 | 1.29 | 20.81 | 22.10 | NOTE | |
r-devel-linux-x86_64-debian-gcc | 1.1.1 | 1.30 | 16.38 | 17.68 | NOTE | |
r-devel-linux-x86_64-fedora-clang | 1.1.1 | 31.31 | NOTE | |||
r-devel-linux-x86_64-fedora-gcc | 1.1.1 | 28.79 | NOTE | |||
r-patched-linux-x86_64 | 1.1.1 | 1.91 | 20.02 | 21.93 | NOTE | |
r-release-linux-x86_64 | 1.1.1 | 1.82 | 21.61 | 23.43 | NOTE | |
r-release-macos-arm64 | 1.1.1 | 15.00 | OK | |||
r-release-macos-x86_64 | 1.1.1 | 20.00 | OK | |||
r-release-windows-x86_64 | 1.1.1 | 4.00 | 50.00 | 54.00 | OK | |
r-oldrel-macos-arm64 | 1.1.1 | 22.00 | OK | |||
r-oldrel-macos-x86_64 | 1.1.1 | 23.00 | OK | |||
r-oldrel-windows-ix86+x86_64 | 1.1.1 | 5.00 | 47.00 | 52.00 | OK |
Version: 1.1.1
Check: package dependencies
Result: NOTE
Package suggested but not available for checking: ‘mixRasch’
Flavors: r-devel-linux-x86_64-debian-clang, r-devel-linux-x86_64-debian-gcc, r-devel-linux-x86_64-fedora-clang, r-devel-linux-x86_64-fedora-gcc, r-patched-linux-x86_64, r-release-linux-x86_64