CRAN Package Check Results for Package mixRaschTools

Last updated on 2024-04-20 00:56:15 CEST.

Flavor Version Tinstall Tcheck Ttotal Status Flags
r-devel-linux-x86_64-debian-clang 1.1.1 1.93 20.66 22.59 NOTE
r-devel-linux-x86_64-debian-gcc 1.1.1 NOTE
r-devel-linux-x86_64-fedora-clang 1.1.1 31.13 NOTE
r-devel-linux-x86_64-fedora-gcc 1.1.1 29.50 NOTE
r-prerel-macos-arm64 1.1.1 14.00 NOTE
r-prerel-windows-x86_64 1.1.1 3.00 40.00 43.00 NOTE
r-patched-linux-x86_64 1.1.1 1.71 20.22 21.93 NOTE
r-release-linux-x86_64 1.1.1 1.89 20.80 22.69 NOTE
r-release-macos-arm64 1.1.1 15.00 NOTE
r-release-macos-x86_64 1.1.1 19.00 NOTE
r-release-windows-x86_64 1.1.1 3.00 41.00 44.00 NOTE
r-oldrel-macos-arm64 1.1.1 17.00 OK
r-oldrel-windows-x86_64 1.1.1 3.00 47.00 50.00 NOTE

Check Details

Version: 1.1.1
Check: package dependencies
Result: NOTE Package suggested but not available for checking: ‘mixRasch’ Flavors: r-devel-linux-x86_64-debian-clang, r-devel-linux-x86_64-debian-gcc, r-devel-linux-x86_64-fedora-clang, r-devel-linux-x86_64-fedora-gcc, r-prerel-macos-arm64, r-prerel-windows-x86_64, r-patched-linux-x86_64, r-release-linux-x86_64, r-release-macos-arm64, r-release-macos-x86_64, r-release-windows-x86_64, r-oldrel-windows-x86_64