CRAN Package Check Results for Package missSBM

Last updated on 2021-04-20 23:47:48 CEST.

Flavor Version Tinstall Tcheck Ttotal Status Flags
r-devel-linux-x86_64-debian-clang 0.3.0 83.94 157.30 241.24 OK
r-devel-linux-x86_64-debian-gcc 0.3.0 56.77 113.82 170.59 OK
r-devel-linux-x86_64-fedora-clang 0.3.0 325.36 NOTE
r-devel-linux-x86_64-fedora-gcc 0.3.0 307.62 NOTE
r-devel-windows-ix86+x86_64 0.3.0 139.00 242.00 381.00 OK
r-devel-windows-x86_64-gcc10-UCRT 0.3.0 NOTE
r-patched-linux-x86_64 0.3.0 71.37 147.53 218.90 WARN
r-patched-solaris-x86 0.3.0 398.00 NOTE
r-release-linux-x86_64 0.3.0 63.58 148.94 212.52 OK
r-release-macos-x86_64 0.3.0 NOTE
r-release-windows-ix86+x86_64 0.3.0 175.00 324.00 499.00 OK
r-oldrel-macos-x86_64 0.3.0 NOTE
r-oldrel-windows-ix86+x86_64 0.3.0 145.00 298.00 443.00 OK

Check Details

Version: 0.3.0
Check: dependencies in R code
Result: NOTE
    Namespaces in Imports field not imported from:
     ‘corrplot’ ‘sbm’
     All declared Imports should be used.
Flavors: r-devel-linux-x86_64-fedora-clang, r-devel-linux-x86_64-fedora-gcc, r-devel-windows-x86_64-gcc10-UCRT, r-patched-solaris-x86, r-release-macos-x86_64, r-oldrel-macos-x86_64

Version: 0.3.0
Check: whether package can be installed
Result: WARN
    Found the following significant warnings:
     Rd warning: /tmp/Rtmp3f4XzK/R.INSTALL44607f4cf40a/missSBM/man/pipe.Rd:10: file link ‘%>%’ in package ‘magrittr’ does not exist and so has been treated as a topic
Flavor: r-patched-linux-x86_64