CRAN Package Check Results for Package missForest

Last updated on 2020-11-27 00:09:00 CET.

Flavor Version Tinstall Tcheck Ttotal Status Flags
r-devel-linux-x86_64-debian-clang 1.4 3.11 28.27 31.38 NOTE
r-devel-linux-x86_64-debian-gcc 1.4 2.64 21.04 23.68 NOTE
r-devel-linux-x86_64-fedora-clang 1.4 41.48 NOTE
r-devel-linux-x86_64-fedora-gcc 1.4 32.60 NOTE
r-devel-windows-ix86+x86_64 1.4 5.00 38.00 43.00 NOTE
r-patched-linux-x86_64 1.4 3.45 25.13 28.58 NOTE
r-patched-solaris-x86 1.4 47.90 NOTE
r-release-linux-x86_64 1.4 3.84 26.26 30.10 NOTE
r-release-macos-x86_64 1.4 NOTE
r-release-windows-ix86+x86_64 1.4 6.00 36.00 42.00 NOTE
r-oldrel-macos-x86_64 1.4 NOTE
r-oldrel-windows-ix86+x86_64 1.4 5.00 36.00 41.00 NOTE

Check Details

Version: 1.4
Check: R code for possible problems
Result: NOTE
    missForest: no visible global function definition for 'predict'
    missForest: no visible global function definition for 'idiv'
    missForest: no visible global function definition for 'var'
    nrmse: no visible global function definition for 'var'
    Undefined global functions or variables:
     idiv predict var
    Consider adding
     importFrom("stats", "predict", "var")
    to your NAMESPACE file.
Flavors: r-devel-linux-x86_64-debian-clang, r-devel-linux-x86_64-debian-gcc, r-devel-linux-x86_64-fedora-clang, r-devel-linux-x86_64-fedora-gcc, r-devel-windows-ix86+x86_64, r-patched-linux-x86_64, r-patched-solaris-x86, r-release-linux-x86_64, r-release-macos-x86_64, r-release-windows-ix86+x86_64, r-oldrel-macos-x86_64, r-oldrel-windows-ix86+x86_64