Last updated on 2022-06-26 23:52:03 CEST.
Flavor | Version | Tinstall | Tcheck | Ttotal | Status | Flags |
---|---|---|---|---|---|---|
r-devel-linux-x86_64-debian-clang | 0.1-5 | 12.87 | 87.43 | 100.30 | OK | |
r-devel-linux-x86_64-debian-gcc | 0.1-5 | 10.90 | 67.30 | 78.20 | OK | |
r-devel-linux-x86_64-fedora-clang | 0.1-5 | 132.95 | NOTE | |||
r-devel-linux-x86_64-fedora-gcc | 0.1-5 | 131.56 | OK | |||
r-devel-windows-x86_64 | 0.1-5 | 24.00 | 114.00 | 138.00 | NOTE | |
r-patched-linux-x86_64 | 0.1-5 | 13.44 | 85.37 | 98.81 | OK | |
r-release-linux-x86_64 | 0.1-5 | 11.86 | 84.96 | 96.82 | OK | |
r-release-macos-arm64 | 0.1-5 | 52.00 | NOTE | |||
r-release-macos-x86_64 | 0.1-5 | 61.00 | NOTE | |||
r-release-windows-x86_64 | 0.1-5 | 27.00 | 108.00 | 135.00 | NOTE | |
r-oldrel-macos-arm64 | 0.1-5 | 42.00 | NOTE | |||
r-oldrel-macos-x86_64 | 0.1-5 | 71.00 | NOTE | |||
r-oldrel-windows-ix86+x86_64 | 0.1-5 | 39.00 | 137.00 | 176.00 | OK |
Version: 0.1-5
Check: Rd cross-references
Result: NOTE
Undeclared packages ‘pspline’, ‘lme4’ in Rd xrefs
Flavor: r-devel-linux-x86_64-fedora-clang
Version: 0.1-5
Check: package dependencies
Result: NOTE
Package suggested but not available for checking: 'BRugs'
Flavors: r-devel-windows-x86_64, r-release-windows-x86_64
Version: 0.1-5
Check: package dependencies
Result: NOTE
Packages suggested but not available for checking: 'mixAK', 'BRugs'
Flavors: r-release-macos-arm64, r-release-macos-x86_64, r-oldrel-macos-arm64, r-oldrel-macos-x86_64
Version: 0.1-5
Check: Rd cross-references
Result: NOTE
Package unavailable to check Rd xrefs: ‘mixAK’
Flavors: r-release-macos-arm64, r-release-macos-x86_64, r-oldrel-macos-arm64, r-oldrel-macos-x86_64