CRAN Package Check Results for Package mind

Last updated on 2022-01-26 23:50:24 CET.

Flavor Version Tinstall Tcheck Ttotal Status Flags
r-devel-linux-x86_64-debian-clang 0.1.4 29.84 246.54 276.38 OK
r-devel-linux-x86_64-debian-gcc 0.1.4 24.02 185.85 209.87 OK
r-devel-linux-x86_64-fedora-clang 0.1.4 346.67 NOTE
r-devel-linux-x86_64-fedora-gcc 0.1.4 329.93 NOTE
r-devel-windows-x86_64-new-UL 0.1.4 33.00 249.00 282.00 OK
r-devel-windows-x86_64-new-TK 0.1.4 ERROR
r-patched-linux-x86_64 0.1.4 23.16 222.97 246.13 OK
r-release-linux-x86_64 0.1.4 24.07 218.43 242.50 OK
r-release-macos-arm64 0.1.4 NOTE
r-release-macos-x86_64 0.1.4 NOTE
r-release-windows-ix86+x86_64 0.1.4 52.00 242.00 294.00 OK
r-oldrel-macos-x86_64 0.1.4 NOTE
r-oldrel-windows-ix86+x86_64 0.1.4 65.00 251.00 316.00 OK

Check Details

Version: 0.1.4
Check: dependencies in R code
Result: NOTE
    Namespace in Imports field not imported from: ‘dplyr’
     All declared Imports should be used.
Flavors: r-devel-linux-x86_64-fedora-clang, r-devel-linux-x86_64-fedora-gcc, r-release-macos-arm64, r-release-macos-x86_64, r-oldrel-macos-x86_64

Version: 0.1.4
Check: package dependencies
Result: ERROR
    Package required but not available: 'JWileymisc'
    
    See section 'The DESCRIPTION file' in the 'Writing R Extensions'
    manual.
Flavor: r-devel-windows-x86_64-new-TK