CRAN Package Check Results for Package milorGWAS

Last updated on 2021-04-17 23:48:31 CEST.

Flavor Version Tinstall Tcheck Ttotal Status Flags
r-devel-linux-x86_64-debian-clang 0.3 61.47 93.51 154.98 OK
r-devel-linux-x86_64-debian-gcc 0.3 38.66 70.47 109.13 OK
r-devel-linux-x86_64-fedora-clang 0.3 215.61 NOTE
r-devel-linux-x86_64-fedora-gcc 0.3 186.25 OK
r-devel-windows-ix86+x86_64 0.3 141.00 4.00 145.00 ERROR
r-devel-windows-x86_64-gcc10-UCRT 0.3 OK
r-patched-linux-x86_64 0.3 47.69 89.93 137.62 OK
r-patched-solaris-x86 0.3 290.30 OK
r-release-linux-x86_64 0.3 45.91 88.00 133.91 OK
r-release-macos-x86_64 0.3 NOTE
r-release-windows-ix86+x86_64 0.3 111.00 154.00 265.00 OK
r-oldrel-macos-x86_64 0.3 NOTE
r-oldrel-windows-ix86+x86_64 0.3 91.00 146.00 237.00 OK

Check Details

Version: 0.3
Check: installed package size
Result: NOTE
     installed size is 6.8Mb
     sub-directories of 1Mb or more:
     libs 6.2Mb
Flavors: r-devel-linux-x86_64-fedora-clang, r-release-macos-x86_64, r-oldrel-macos-x86_64

Version: 0.3
Check: whether package can be installed
Result: ERROR
    
    See *
Flavor: r-devel-windows-ix86+x86_64