CRAN Package Check Results for Package mikropml

Last updated on 2022-07-04 23:53:28 CEST.

Flavor Version Tinstall Tcheck Ttotal Status Flags
r-devel-linux-x86_64-debian-clang 1.3.0 29.35 317.04 346.39 OK
r-devel-linux-x86_64-debian-gcc 1.3.0 24.68 229.54 254.22 OK
r-devel-linux-x86_64-fedora-clang 1.3.0 411.88 WARN
r-devel-linux-x86_64-fedora-gcc 1.3.0 407.29 WARN
r-devel-windows-x86_64 1.3.0 52.00 337.00 389.00 OK
r-patched-linux-x86_64 1.3.0 22.25 290.31 312.56 OK
r-release-linux-x86_64 1.3.0 20.88 294.75 315.63 OK
r-release-macos-arm64 1.3.0 117.00 OK
r-release-macos-x86_64 1.3.0 140.00 OK
r-release-windows-x86_64 1.3.0 59.00 332.00 391.00 OK
r-oldrel-macos-arm64 1.3.0 99.00 OK
r-oldrel-macos-x86_64 1.3.0 137.00 OK
r-oldrel-windows-ix86+x86_64 1.3.0 55.00 346.00 401.00 OK

Check Details

Version: 1.3.0
Check: package dependencies
Result: WARN
    Requires (indirectly) orphaned package: ‘gtools’
Flavors: r-devel-linux-x86_64-fedora-clang, r-devel-linux-x86_64-fedora-gcc