CRAN Package Check Results for Package midrangeMCP

Last updated on 2023-06-07 01:03:30 CEST.

Flavor Version Tinstall Tcheck Ttotal Status Flags
r-devel-linux-x86_64-debian-clang 3.1.1 4.36 41.11 45.47 NOTE
r-devel-linux-x86_64-debian-gcc 3.1.1 4.34 31.26 35.60 NOTE
r-devel-linux-x86_64-fedora-clang 3.1.1 59.11 NOTE
r-devel-linux-x86_64-fedora-gcc 3.1.1 56.20 NOTE
r-devel-windows-x86_64 3.1.1 12.00 50.00 62.00 NOTE
r-patched-linux-x86_64 3.1.1 5.06 39.95 45.01 NOTE
r-release-linux-x86_64 3.1.1 4.34 40.21 44.55 NOTE
r-release-macos-arm64 3.1.1 24.00 NOTE
r-release-macos-x86_64 3.1.1 39.00 NOTE
r-release-windows-x86_64 3.1.1 5.00 55.00 60.00 NOTE
r-oldrel-macos-arm64 3.1.1 34.00 NOTE
r-oldrel-macos-x86_64 3.1.1 42.00 NOTE
r-oldrel-windows-x86_64 3.1.1 7.00 58.00 65.00 NOTE

Check Details

Version: 3.1.1
Check: LazyData
Result: NOTE
     'LazyData' is specified without a 'data' directory
Flavors: r-devel-linux-x86_64-debian-clang, r-devel-linux-x86_64-debian-gcc, r-devel-linux-x86_64-fedora-clang, r-devel-linux-x86_64-fedora-gcc, r-devel-windows-x86_64, r-patched-linux-x86_64, r-release-linux-x86_64, r-release-macos-arm64, r-release-macos-x86_64, r-release-windows-x86_64, r-oldrel-macos-arm64, r-oldrel-macos-x86_64, r-oldrel-windows-x86_64