CRAN Package Check Results for Package micemd

Last updated on 2020-05-24 23:47:48 CEST.

Flavor Version Tinstall Tcheck Ttotal Status Flags
r-devel-linux-x86_64-debian-clang 1.6.0 12.18 97.83 110.01 OK
r-devel-linux-x86_64-debian-gcc 1.6.0 10.93 72.45 83.38 OK
r-devel-linux-x86_64-fedora-clang 1.6.0 137.47 OK
r-devel-linux-x86_64-fedora-gcc 1.6.0 133.86 OK
r-devel-windows-ix86+x86_64 1.6.0 36.00 127.00 163.00 OK
r-patched-linux-x86_64 1.6.0 14.84 94.81 109.65 OK
r-patched-solaris-x86 1.6.0 190.90 OK
r-release-linux-x86_64 1.6.0 12.99 94.36 107.35 OK
r-release-osx-x86_64 1.6.0 OK
r-release-windows-ix86+x86_64 1.6.0 37.00 149.00 186.00 OK
r-oldrel-osx-x86_64 1.6.0 OK
r-oldrel-windows-ix86+x86_64 1.6.0 2.00 7.00 9.00 ERROR

Check Details

Version: 1.6.0
Check: whether package can be installed
Result: ERROR
    Installation failed.
Flavor: r-oldrel-windows-ix86+x86_64