CRAN Package Check Results for Package micemd

Last updated on 2022-06-28 23:54:09 CEST.

Flavor Version Tinstall Tcheck Ttotal Status Flags
r-devel-linux-x86_64-debian-clang 1.8.0 16.94 123.57 140.51 NOTE
r-devel-linux-x86_64-debian-gcc 1.8.0 12.50 90.78 103.28 NOTE
r-devel-linux-x86_64-fedora-clang 1.8.0 175.12 NOTE
r-devel-linux-x86_64-fedora-gcc 1.8.0 169.94 NOTE
r-devel-windows-x86_64 1.8.0 23.00 133.00 156.00 NOTE
r-patched-linux-x86_64 1.8.0 19.46 116.01 135.47 OK
r-release-linux-x86_64 1.8.0 14.04 113.25 127.29 OK
r-release-macos-arm64 1.8.0 45.00 OK
r-release-macos-x86_64 1.8.0 77.00 OK
r-release-windows-x86_64 1.8.0 24.00 133.00 157.00 OK
r-oldrel-macos-arm64 1.8.0 47.00 OK
r-oldrel-macos-x86_64 1.8.0 58.00 OK
r-oldrel-windows-ix86+x86_64 1.8.0 34.00 132.00 166.00 OK

Check Details

Version: 1.8.0
Check: Rd files
Result: NOTE
    checkRd: (-1) IPDNa.Rd:42: Escaped LaTeX specials: \&
Flavors: r-devel-linux-x86_64-debian-clang, r-devel-linux-x86_64-debian-gcc, r-devel-linux-x86_64-fedora-clang, r-devel-linux-x86_64-fedora-gcc, r-devel-windows-x86_64