Last updated on 2022-08-11 23:52:13 CEST.
Flavor | Version | Tinstall | Tcheck | Ttotal | Status | Flags |
---|---|---|---|---|---|---|
r-devel-linux-x86_64-debian-clang | 1.3-0 | 16.15 | 137.49 | 153.64 | NOTE | |
r-devel-linux-x86_64-debian-gcc | 1.3-0 | 11.18 | 102.57 | 113.75 | NOTE | |
r-devel-linux-x86_64-fedora-clang | 1.3-0 | 203.02 | NOTE | |||
r-devel-linux-x86_64-fedora-gcc | 1.3-0 | 196.70 | NOTE | |||
r-devel-windows-x86_64 | 1.3-0 | 28.00 | 168.00 | 196.00 | NOTE | |
r-patched-linux-x86_64 | 1.3-0 | 13.88 | 128.78 | 142.66 | OK | |
r-release-linux-x86_64 | 1.3-0 | 13.10 | 129.69 | 142.79 | OK | |
r-release-macos-arm64 | 1.3-0 | 54.00 | OK | |||
r-release-macos-x86_64 | 1.3-0 | 75.00 | OK | |||
r-release-windows-x86_64 | 1.3-0 | 30.00 | 166.00 | 196.00 | OK | |
r-oldrel-macos-arm64 | 1.3-0 | 59.00 | OK | |||
r-oldrel-macos-x86_64 | 1.3-0 | 68.00 | OK | |||
r-oldrel-windows-ix86+x86_64 | 1.3-0 | 31.00 | 218.00 | 249.00 | OK |
Version: 1.3-0
Check: package subdirectories
Result: NOTE
Problems with news in 'NEWS.md':
No news entries found.
Flavors: r-devel-linux-x86_64-debian-clang, r-devel-linux-x86_64-debian-gcc, r-devel-linux-x86_64-fedora-clang, r-devel-linux-x86_64-fedora-gcc, r-devel-windows-x86_64