CRAN Package Check Results for Package mgwrsar

Last updated on 2022-01-22 23:52:15 CET.

Flavor Version Tinstall Tcheck Ttotal Status Flags
r-devel-linux-x86_64-debian-clang 0.1-1 83.98 921.77 1005.75 OK
r-devel-linux-x86_64-debian-gcc 0.1-1 62.49 676.48 738.97 OK
r-devel-linux-x86_64-fedora-clang 0.1-1 1174.50 NOTE
r-devel-linux-x86_64-fedora-gcc 0.1-1 1175.39 OK
r-devel-windows-x86_64-new-UL 0.1-1 118.00 913.00 1031.00 OK
r-devel-windows-x86_64-new-TK 0.1-1 OK
r-patched-linux-x86_64 0.1-1 75.32 873.70 949.02 OK
r-release-linux-x86_64 0.1-1 75.83 877.81 953.64 OK
r-release-macos-arm64 0.1-1 NOTE
r-release-macos-x86_64 0.1-1 WARN
r-release-windows-ix86+x86_64 0.1-1 170.00 1162.00 1332.00 OK
r-oldrel-macos-x86_64 0.1-1 WARN
r-oldrel-windows-ix86+x86_64 0.1-1 172.00 1152.00 1324.00 OK

Check Details

Version: 0.1-1
Check: installed package size
Result: NOTE
     installed size is 19.8Mb
     sub-directories of 1Mb or more:
     doc 1.1Mb
     libs 18.2Mb
Flavors: r-devel-linux-x86_64-fedora-clang, r-release-macos-arm64, r-release-macos-x86_64, r-oldrel-macos-x86_64

Version: 0.1-1
Check: Rd cross-references
Result: NOTE
    Undeclared package ‘locfit’ in Rd xrefs
Flavor: r-devel-linux-x86_64-fedora-clang

Version: 0.1-1
Check: re-building of vignette outputs
Result: WARN
    Error(s) in re-building vignettes:
     ...
    --- re-building ‘mgwrsar-basic_examples.Rmd’ using rmarkdown
    Warning in engine$weave(file, quiet = quiet, encoding = enc) :
     Pandoc (>= 1.12.3) not available. Falling back to R Markdown v1.
    Quitting from lines 91-94 (mgwrsar-basic_examples.Rmd)
    Error: processing vignette 'mgwrsar-basic_examples.Rmd' failed with diagnostics:
    invalid 'path' argument
    --- failed re-building ‘mgwrsar-basic_examples.Rmd’
    
    SUMMARY: processing the following file failed:
     ‘mgwrsar-basic_examples.Rmd’
    
    Error: Vignette re-building failed.
    Execution halted
Flavors: r-release-macos-x86_64, r-oldrel-macos-x86_64