CRAN Package Check Results for Package mglmn

Last updated on 2024-06-14 00:53:49 CEST.

Flavor Version Tinstall Tcheck Ttotal Status Flags
r-devel-linux-x86_64-debian-clang 0.1.0 3.56 46.36 49.92 OK
r-devel-linux-x86_64-debian-gcc 0.1.0 2.12 34.04 36.16 ERROR
r-devel-linux-x86_64-fedora-clang 0.1.0 62.20 OK
r-devel-linux-x86_64-fedora-gcc 0.1.0 59.24 OK
r-devel-windows-x86_64 0.1.0 4.00 53.00 57.00 OK
r-patched-linux-x86_64 0.1.0 3.26 45.21 48.47 OK
r-release-linux-x86_64 0.1.0 2.77 44.01 46.78 OK
r-release-macos-arm64 0.1.0 21.00 OK
r-release-macos-x86_64 0.1.0 33.00 OK
r-release-windows-x86_64 0.1.0 4.00 55.00 59.00 OK
r-oldrel-macos-arm64 0.1.0 23.00 OK
r-oldrel-macos-x86_64 0.1.0 35.00 OK
r-oldrel-windows-x86_64 0.1.0 5.00 61.00 66.00 OK

Check Details

Version: 0.1.0
Check: package dependencies
Result: NOTE Package suggested but not available for checking: ‘testthat’ Flavor: r-devel-linux-x86_64-debian-gcc

Version: 0.1.0
Check: tests
Result: ERROR Running ‘testthat.R’ [0s/1s] Running the tests in ‘tests/testthat.R’ failed. Complete output: > library(testthat) Error in library(testthat) : there is no package called 'testthat' Execution halted Flavor: r-devel-linux-x86_64-debian-gcc