CRAN Package Check Results for Package mfx

Last updated on 2021-03-01 23:49:00 CET.

Flavor Version Tinstall Tcheck Ttotal Status Flags
r-devel-linux-x86_64-debian-clang 1.2-2 OK
r-devel-linux-x86_64-debian-gcc 1.2-2 5.90 58.63 64.53 OK
r-devel-linux-x86_64-fedora-clang 1.2-2 107.40 OK
r-devel-linux-x86_64-fedora-gcc 1.2-2 98.33 OK
r-devel-windows-ix86+x86_64 1.2-2 10.00 75.00 85.00 OK
r-patched-linux-x86_64 1.2-2 7.16 70.78 77.94 OK
r-patched-solaris-x86 1.2-2 149.80 OK
r-release-linux-x86_64 1.2-2 6.19 71.26 77.45 OK
r-release-macos-x86_64 1.2-2 OK
r-release-windows-ix86+x86_64 1.2-2 15.00 6.00 21.00 ERROR
r-oldrel-macos-x86_64 1.2-2 OK
r-oldrel-windows-ix86+x86_64 1.2-2 8.00 86.00 94.00 OK

Check Details

Version: 1.2-2
Check: whether package can be installed
Result: ERROR
    Installation failed.
Flavor: r-release-windows-ix86+x86_64