CRAN Package Check Results for Package metro

Last updated on 2022-07-06 23:52:48 CEST.

Flavor Version Tinstall Tcheck Ttotal Status Flags
r-devel-linux-x86_64-debian-clang 0.9.1 5.94 48.78 54.72 OK
r-devel-linux-x86_64-debian-gcc 0.9.1 4.70 37.48 42.18 OK
r-devel-linux-x86_64-fedora-clang 0.9.1 74.95 NOTE
r-devel-linux-x86_64-fedora-gcc 0.9.1 74.18 NOTE
r-devel-windows-x86_64 0.9.1 10.00 75.00 85.00 OK
r-patched-linux-x86_64 0.9.1 5.65 46.89 52.54 OK
r-release-linux-x86_64 0.9.1 3.68 46.76 50.44 OK
r-release-macos-arm64 0.9.1 22.00 NOTE
r-release-macos-x86_64 0.9.1 34.00 NOTE
r-release-windows-x86_64 0.9.1 33.00 76.00 109.00 OK
r-oldrel-macos-arm64 0.9.1 27.00 NOTE
r-oldrel-macos-x86_64 0.9.1 1803.00 NOTE
r-oldrel-windows-ix86+x86_64 0.9.1 13.00 69.00 82.00 OK

Check Details

Version: 0.9.1
Check: data for non-ASCII characters
Result: NOTE
     Note: found 1 marked UTF-8 string
Flavors: r-devel-linux-x86_64-fedora-clang, r-devel-linux-x86_64-fedora-gcc, r-release-macos-arm64, r-release-macos-x86_64, r-oldrel-macos-arm64, r-oldrel-macos-x86_64