CRAN Package Check Results for Package meteoland

Last updated on 2023-02-03 23:51:40 CET.

Flavor Version Tinstall Tcheck Ttotal Status Flags
r-devel-linux-x86_64-debian-clang 1.0.3 115.30 186.83 302.13 OK
r-devel-linux-x86_64-debian-gcc 1.0.3 92.38 133.55 225.93 OK
r-devel-linux-x86_64-fedora-clang 1.0.3 399.23 NOTE
r-devel-linux-x86_64-fedora-gcc 1.0.3 366.14 NOTE
r-devel-windows-x86_64 1.0.3 177.00 252.00 429.00 OK
r-patched-linux-x86_64 1.0.3 80.88 173.81 254.69 OK
r-release-linux-x86_64 1.0.3 75.00 174.00 249.00 OK
r-release-macos-arm64 1.0.3 93.00 NOTE
r-release-macos-x86_64 1.0.3 125.00 NOTE
r-release-windows-x86_64 1.0.3 185.00 268.00 453.00 OK
r-oldrel-macos-arm64 1.0.3 90.00 NOTE
r-oldrel-macos-x86_64 1.0.3 123.00 NOTE
r-oldrel-windows-ix86+x86_64 1.0.3 251.00 458.00 709.00 OK

Check Details

Version: 1.0.3
Check: data for non-ASCII characters
Result: NOTE
     Note: found 2 marked UTF-8 strings
Flavors: r-devel-linux-x86_64-fedora-clang, r-devel-linux-x86_64-fedora-gcc, r-release-macos-arm64, r-release-macos-x86_64, r-oldrel-macos-arm64, r-oldrel-macos-x86_64

Version: 1.0.3
Check: installed package size
Result: NOTE
     installed size is 5.5Mb
     sub-directories of 1Mb or more:
     libs 3.3Mb
Flavors: r-release-macos-arm64, r-release-macos-x86_64, r-oldrel-macos-arm64, r-oldrel-macos-x86_64