CRAN Package Check Results for Package meteoland

Last updated on 2019-10-20 23:47:29 CEST.

Flavor Version Tinstall Tcheck Ttotal Status Flags
r-devel-linux-x86_64-debian-clang 0.8.1 98.70 155.38 254.08 OK
r-devel-linux-x86_64-debian-gcc 0.8.1 72.24 122.91 195.15 OK
r-devel-linux-x86_64-fedora-clang 0.8.1 333.81 NOTE
r-devel-linux-x86_64-fedora-gcc 0.8.1 323.47 OK
r-devel-windows-ix86+x86_64 0.8.1 154.00 316.00 470.00 OK
r-patched-linux-x86_64 0.8.1 80.14 147.35 227.49 OK
r-patched-solaris-x86 0.8.1 406.60 OK
r-release-linux-x86_64 0.8.1 81.52 148.58 230.10 OK
r-release-windows-ix86+x86_64 0.8.1 232.00 232.00 464.00 OK
r-release-osx-x86_64 0.8.1 NOTE
r-oldrel-windows-ix86+x86_64 0.8.1 145.00 204.00 349.00 OK
r-oldrel-osx-x86_64 0.8.1 NOTE

Check Details

Version: 0.8.1
Check: installed package size
Result: NOTE
     installed size is 6.4Mb
     sub-directories of 1Mb or more:
     libs 3.7Mb
Flavors: r-devel-linux-x86_64-fedora-clang, r-release-osx-x86_64, r-oldrel-osx-x86_64