CRAN Package Check Results for Package meteoland

Last updated on 2019-07-15 00:50:39 CEST.

Flavor Version Tinstall Tcheck Ttotal Status Flags
r-devel-linux-x86_64-debian-clang 0.8.1 81.82 158.88 240.70 OK
r-devel-linux-x86_64-debian-gcc 0.8.1 75.94 121.16 197.10 OK
r-devel-linux-x86_64-fedora-clang 0.8.1 332.33 NOTE
r-devel-linux-x86_64-fedora-gcc 0.8.1 319.79 OK
r-devel-windows-ix86+x86_64 0.8.1 149.00 228.00 377.00 OK
r-patched-linux-x86_64 0.8.1 86.17 151.68 237.85 OK
r-patched-solaris-x86 0.8.1 426.20 OK
r-release-linux-x86_64 0.8.1 89.37 150.04 239.41 OK
r-release-windows-ix86+x86_64 0.8.1 150.00 231.00 381.00 OK
r-release-osx-x86_64 0.8.1 NOTE
r-oldrel-windows-ix86+x86_64 0.8.1 210.00 214.00 424.00 OK
r-oldrel-osx-x86_64 0.8.1 NOTE

Check Details

Version: 0.8.1
Check: installed package size
Result: NOTE
     installed size is 5.9Mb
     sub-directories of 1Mb or more:
     libs 3.2Mb
Flavors: r-devel-linux-x86_64-fedora-clang, r-release-osx-x86_64, r-oldrel-osx-x86_64