CRAN Package Check Results for Package metapower

Last updated on 2022-12-03 23:56:19 CET.

Flavor Version Tinstall Tcheck Ttotal Status Flags
r-devel-linux-x86_64-debian-clang 0.2.2 6.96 83.05 90.01 NOTE
r-devel-linux-x86_64-debian-gcc 0.2.2 6.39 62.40 68.79 NOTE
r-devel-linux-x86_64-fedora-clang 0.2.2 122.06 NOTE
r-devel-linux-x86_64-fedora-gcc 0.2.2 115.06 NOTE
r-devel-windows-x86_64 0.2.2 50.00 107.00 157.00 NOTE
r-patched-linux-x86_64 0.2.2 7.29 77.13 84.42 NOTE
r-release-linux-x86_64 0.2.2 4.85 79.10 83.95 NOTE
r-release-macos-arm64 0.2.2 36.00 NOTE
r-release-macos-x86_64 0.2.2 60.00 NOTE
r-release-windows-x86_64 0.2.2 37.00 120.00 157.00 NOTE
r-oldrel-macos-arm64 0.2.2 44.00 NOTE
r-oldrel-macos-x86_64 0.2.2 61.00 NOTE
r-oldrel-windows-ix86+x86_64 0.2.2 27.00 103.00 130.00 NOTE

Check Details

Version: 0.2.2
Check: LazyData
Result: NOTE
     'LazyData' is specified without a 'data' directory
Flavors: r-devel-linux-x86_64-debian-clang, r-devel-linux-x86_64-debian-gcc, r-devel-linux-x86_64-fedora-clang, r-devel-linux-x86_64-fedora-gcc, r-devel-windows-x86_64, r-patched-linux-x86_64, r-release-linux-x86_64, r-release-macos-arm64, r-release-macos-x86_64, r-release-windows-x86_64, r-oldrel-macos-arm64, r-oldrel-macos-x86_64, r-oldrel-windows-ix86+x86_64