CRAN Package Check Results for Package metaMix

Last updated on 2022-01-23 23:50:22 CET.

Flavor Version Tinstall Tcheck Ttotal Status Flags
r-devel-linux-x86_64-debian-clang 0.3 13.53 136.32 149.85 OK
r-devel-linux-x86_64-debian-gcc 0.3 12.68 116.42 129.10 OK
r-devel-linux-x86_64-fedora-clang 0.3 195.09 OK
r-devel-linux-x86_64-fedora-gcc 0.3 178.31 OK
r-devel-windows-x86_64-new-UL 0.3 53.00 172.00 225.00 OK
r-devel-windows-x86_64-new-TK 0.3 OK
r-patched-linux-x86_64 0.3 14.60 128.87 143.47 OK
r-release-linux-x86_64 0.3 14.83 132.89 147.72 OK
r-release-macos-arm64 0.3 ERROR
r-release-macos-x86_64 0.3 ERROR
r-release-windows-ix86+x86_64 0.3 34.00 187.00 221.00 OK
r-oldrel-macos-x86_64 0.3 ERROR
r-oldrel-windows-ix86+x86_64 0.3 34.00 191.00 225.00 OK

Check Details

Version: 0.3
Check: package dependencies
Result: ERROR
    Package required but not available: ‘Rmpi’
    
    See section ‘The DESCRIPTION file’ in the ‘Writing R Extensions’
    manual.
Flavors: r-release-macos-arm64, r-release-macos-x86_64, r-oldrel-macos-x86_64