CRAN Package Check Results for Package metaBMA

Last updated on 2022-08-11 23:52:13 CEST.

Flavor Version Tinstall Tcheck Ttotal Status Flags
r-devel-linux-x86_64-debian-clang 0.6.7 852.35 268.73 1121.08 NOTE
r-devel-linux-x86_64-debian-gcc 0.6.7 812.42 229.85 1042.27 NOTE
r-devel-linux-x86_64-fedora-clang 0.6.7 1634.05 NOTE
r-devel-linux-x86_64-fedora-gcc 0.6.7 1769.77 NOTE
r-devel-windows-x86_64 0.6.7 2338.00 364.00 2702.00 NOTE
r-patched-linux-x86_64 0.6.7 753.16 306.62 1059.78 NOTE
r-release-linux-x86_64 0.6.7 0.03 3.94 3.97 ERROR
r-release-macos-arm64 0.6.7 402.00 NOTE
r-release-macos-x86_64 0.6.7 661.00 NOTE
r-release-windows-x86_64 0.6.7 604.00 373.00 977.00 NOTE
r-oldrel-macos-arm64 0.6.7 422.00 NOTE
r-oldrel-macos-x86_64 0.6.7 566.00 NOTE
r-oldrel-windows-ix86+x86_64 0.6.7 2017.00 491.00 2508.00 NOTE

Check Details

Version: 0.6.7
Check: for GNU extensions in Makefiles
Result: NOTE
    GNU make is a SystemRequirements.
Flavors: r-devel-linux-x86_64-debian-clang, r-devel-linux-x86_64-debian-gcc, r-devel-linux-x86_64-fedora-clang, r-devel-linux-x86_64-fedora-gcc, r-devel-windows-x86_64, r-patched-linux-x86_64, r-release-macos-arm64, r-release-macos-x86_64, r-release-windows-x86_64, r-oldrel-macos-arm64, r-oldrel-macos-x86_64, r-oldrel-windows-ix86+x86_64

Version: 0.6.7
Check: installed package size
Result: NOTE
     installed size is 83.1Mb
     sub-directories of 1Mb or more:
     libs 82.4Mb
Flavors: r-devel-linux-x86_64-fedora-clang, r-devel-windows-x86_64, r-release-macos-arm64, r-release-macos-x86_64, r-release-windows-x86_64, r-oldrel-macos-arm64, r-oldrel-macos-x86_64, r-oldrel-windows-ix86+x86_64

Version: 0.6.7
Check: whether package can be installed
Result: ERROR
    Installation failed.
Flavor: r-release-linux-x86_64