CRAN Package Check Results for Package memo

Last updated on 2021-04-17 23:48:31 CEST.

Flavor Version Tinstall Tcheck Ttotal Status Flags
r-devel-linux-x86_64-debian-clang 1.0.1 2.65 24.29 26.94 NOTE
r-devel-linux-x86_64-debian-gcc 1.0.1 1.95 19.19 21.14 NOTE
r-devel-linux-x86_64-fedora-clang 1.0.1 41.96 OK
r-devel-linux-x86_64-fedora-gcc 1.0.1 32.50 OK
r-devel-windows-ix86+x86_64 1.0.1 10.00 5.00 15.00 ERROR
r-devel-windows-x86_64-gcc10-UCRT 1.0.1 OK
r-patched-linux-x86_64 1.0.1 2.38 23.92 26.30 NOTE
r-patched-solaris-x86 1.0.1 52.10 OK
r-release-linux-x86_64 1.0.1 2.57 23.61 26.18 NOTE
r-release-macos-x86_64 1.0.1 OK
r-release-windows-ix86+x86_64 1.0.1 8.00 48.00 56.00 NOTE
r-oldrel-macos-x86_64 1.0.1 OK
r-oldrel-windows-ix86+x86_64 1.0.1 6.00 44.00 50.00 OK

Check Details

Version: 1.0.1
Check: package vignettes
Result: NOTE
    Package vignette with placeholder title 'Vignette Title':
     'README.Rmd'
Flavors: r-devel-linux-x86_64-debian-clang, r-devel-linux-x86_64-debian-gcc, r-patched-linux-x86_64, r-release-linux-x86_64, r-release-windows-ix86+x86_64

Version: 1.0.1
Check: whether package can be installed
Result: ERROR
    Installation failed.
Flavor: r-devel-windows-ix86+x86_64