CRAN Package Check Results for Package memapp

Last updated on 2019-07-22 06:47:42 CEST.

Flavor Version Tinstall Tcheck Ttotal Status Flags
r-devel-linux-x86_64-debian-clang 2.13 2.46 24.68 27.14 OK
r-devel-linux-x86_64-debian-gcc 2.13 1.87 20.39 22.26 OK
r-devel-linux-x86_64-fedora-clang 2.13 32.97 NOTE
r-devel-linux-x86_64-fedora-gcc 2.13 31.61 NOTE
r-devel-windows-ix86+x86_64 2.13 7.00 55.00 62.00 OK
r-patched-linux-x86_64 2.13 2.61 24.56 27.17 OK
r-patched-solaris-x86 2.13 56.40 NOTE
r-release-linux-x86_64 2.13 2.69 24.47 27.16 OK
r-release-windows-ix86+x86_64 2.13 8.00 44.00 52.00 OK
r-release-osx-x86_64 2.13 NOTE
r-oldrel-windows-ix86+x86_64 2.13 10.00 49.00 59.00 OK
r-oldrel-osx-x86_64 2.13 NOTE

Check Details

Version: 2.13
Check: dependencies in R code
Result: NOTE
    Namespaces in Imports field not imported from:
     ‘DT’ ‘RColorBrewer’ ‘RODBC’ ‘dplyr’ ‘foreign’ ‘formattable’ ‘ggplot2’
     ‘haven’ ‘mem’ ‘openxlsx’ ‘plotly’ ‘readxl’ ‘shinyBS’ ‘shinyWidgets’
     ‘shinydashboard’ ‘shinyjs’ ‘shinythemes’ ‘stringi’ ‘stringr’ ‘tidyr’
     All declared Imports should be used.
Flavors: r-devel-linux-x86_64-fedora-clang, r-devel-linux-x86_64-fedora-gcc, r-patched-solaris-x86, r-release-osx-x86_64, r-oldrel-osx-x86_64