CRAN Package Check Results for Package measures

Last updated on 2021-02-25 23:49:02 CET.

Flavor Version Tinstall Tcheck Ttotal Status Flags
r-devel-linux-x86_64-debian-clang 0.3 2.94 28.44 31.38 OK
r-devel-linux-x86_64-debian-gcc 0.3 1.80 22.46 24.26 OK
r-devel-linux-x86_64-fedora-clang 0.3 47.50 OK
r-devel-linux-x86_64-fedora-gcc 0.3 37.47 OK
r-devel-windows-ix86+x86_64 0.3 6.00 35.00 41.00 OK
r-patched-linux-x86_64 0.3 2.46 27.44 29.90 OK
r-patched-solaris-x86 0.3 54.20 OK
r-release-linux-x86_64 0.3 3.06 27.98 31.04 OK
r-release-macos-x86_64 0.3 OK
r-release-windows-ix86+x86_64 0.3 14.00 4.00 18.00 ERROR
r-oldrel-macos-x86_64 0.3 OK
r-oldrel-windows-ix86+x86_64 0.3 4.00 44.00 48.00 OK

Check Details

Version: 0.3
Check: whether package can be installed
Result: ERROR
    Installation failed.
Flavor: r-release-windows-ix86+x86_64