CRAN Package Check Results for Package mdw

Last updated on 2022-01-20 23:52:19 CET.

Flavor Version Tinstall Tcheck Ttotal Status Flags
r-devel-linux-x86_64-debian-clang 2020.6-17 NOTE
r-devel-linux-x86_64-debian-gcc 2020.6-17 6.48 59.53 66.01 NOTE
r-devel-linux-x86_64-fedora-clang 2020.6-17 103.52 NOTE
r-devel-linux-x86_64-fedora-gcc 2020.6-17 90.33 NOTE
r-devel-windows-x86_64-new-UL 2020.6-17 21.00 98.00 119.00 NOTE
r-devel-windows-x86_64-new-TK 2020.6-17 NOTE
r-patched-linux-x86_64 2020.6-17 5.41 74.53 79.94 NOTE
r-release-linux-x86_64 2020.6-17 7.83 72.87 80.70 NOTE
r-release-macos-arm64 2020.6-17 NOTE
r-release-macos-x86_64 2020.6-17 NOTE
r-release-windows-ix86+x86_64 2020.6-17 20.00 91.00 111.00 NOTE
r-oldrel-macos-x86_64 2020.6-17 OK
r-oldrel-windows-ix86+x86_64 2020.6-17 21.00 89.00 110.00 OK

Check Details

Version: 2020.6-17
Check: LazyData
Result: NOTE
     'LazyData' is specified without a 'data' directory
Flavors: r-devel-linux-x86_64-debian-clang, r-devel-linux-x86_64-debian-gcc, r-devel-linux-x86_64-fedora-clang, r-devel-linux-x86_64-fedora-gcc, r-devel-windows-x86_64-new-UL, r-devel-windows-x86_64-new-TK, r-patched-linux-x86_64, r-release-linux-x86_64, r-release-macos-arm64, r-release-macos-x86_64, r-release-windows-ix86+x86_64