CRAN Package Check Results for Package mdpeer

Last updated on 2022-06-28 23:54:08 CEST.

Flavor Version Tinstall Tcheck Ttotal Status Flags
r-devel-linux-x86_64-debian-clang 1.0.1 7.20 78.97 86.17 NOTE
r-devel-linux-x86_64-debian-gcc 1.0.1 5.32 59.10 64.42 NOTE
r-devel-linux-x86_64-fedora-clang 1.0.1 111.05 NOTE
r-devel-linux-x86_64-fedora-gcc 1.0.1 108.61 NOTE
r-devel-windows-x86_64 1.0.1 15.00 112.00 127.00 NOTE
r-patched-linux-x86_64 1.0.1 7.03 74.10 81.13 NOTE
r-release-linux-x86_64 1.0.1 5.93 74.91 80.84 NOTE
r-release-macos-arm64 1.0.1 33.00 NOTE
r-release-macos-x86_64 1.0.1 55.00 NOTE
r-release-windows-x86_64 1.0.1 16.00 108.00 124.00 NOTE
r-oldrel-macos-arm64 1.0.1 47.00 NOTE
r-oldrel-macos-x86_64 1.0.1 47.00 NOTE
r-oldrel-windows-ix86+x86_64 1.0.1 19.00 99.00 118.00 NOTE

Check Details

Version: 1.0.1
Check: LazyData
Result: NOTE
     'LazyData' is specified without a 'data' directory
Flavors: r-devel-linux-x86_64-debian-clang, r-devel-linux-x86_64-debian-gcc, r-devel-linux-x86_64-fedora-clang, r-devel-linux-x86_64-fedora-gcc, r-devel-windows-x86_64, r-patched-linux-x86_64, r-release-linux-x86_64, r-release-macos-arm64, r-release-macos-x86_64, r-release-windows-x86_64, r-oldrel-macos-arm64, r-oldrel-macos-x86_64, r-oldrel-windows-ix86+x86_64

Version: 1.0.1
Check: dependencies in R code
Result: NOTE
    Namespace in Imports field not imported from: ‘glmnet’
     All declared Imports should be used.
Flavors: r-devel-linux-x86_64-fedora-clang, r-devel-linux-x86_64-fedora-gcc, r-release-macos-arm64, r-release-macos-x86_64, r-oldrel-macos-arm64, r-oldrel-macos-x86_64