CRAN Package Check Results for Package mcmcse

Last updated on 2024-07-18 00:54:58 CEST.

Flavor Version Tinstall Tcheck Ttotal Status Flags
r-devel-linux-x86_64-debian-clang 1.5-0 148.08 61.75 209.83 NOTE
r-devel-linux-x86_64-debian-gcc 1.5-0 100.72 46.12 146.84 NOTE
r-devel-linux-x86_64-fedora-clang 1.5-0 313.55 NOTE
r-devel-linux-x86_64-fedora-gcc 1.5-0 332.89 NOTE
r-devel-windows-x86_64 1.5-0 120.00 94.00 214.00 NOTE
r-patched-linux-x86_64 1.5-0 127.86 58.83 186.69 NOTE
r-release-linux-x86_64 1.5-0 121.23 59.70 180.93 NOTE
r-release-macos-arm64 1.5-0 62.00 NOTE
r-release-macos-x86_64 1.5-0 83.00 WARN
r-release-windows-x86_64 1.5-0 114.00 96.00 210.00 NOTE
r-oldrel-macos-arm64 1.5-0 76.00 NOTE
r-oldrel-macos-x86_64 1.5-0 122.00 NOTE
r-oldrel-windows-x86_64 1.5-0 143.00 107.00 250.00 NOTE

Check Details

Version: 1.5-0
Check: C++ specification
Result: NOTE Specified C++11: please drop specification unless essential Flavors: r-devel-linux-x86_64-debian-clang, r-devel-linux-x86_64-debian-gcc, r-devel-linux-x86_64-fedora-clang, r-devel-linux-x86_64-fedora-gcc, r-devel-windows-x86_64, r-patched-linux-x86_64, r-release-linux-x86_64, r-release-macos-arm64, r-release-macos-x86_64, r-release-windows-x86_64, r-oldrel-macos-arm64, r-oldrel-macos-x86_64, r-oldrel-windows-x86_64

Version: 1.5-0
Check: Rd files
Result: NOTE checkRd: (-1) ess.Rd:14: Lost braces 14 | \code{g} should take a vector input only. Ifcode{g} is \code{NULL}, \code{g} is set to be identity, which is estimation | ^ Flavors: r-devel-linux-x86_64-debian-clang, r-devel-linux-x86_64-debian-gcc, r-devel-linux-x86_64-fedora-clang, r-devel-linux-x86_64-fedora-gcc, r-devel-windows-x86_64, r-patched-linux-x86_64, r-release-linux-x86_64, r-release-macos-arm64, r-release-macos-x86_64, r-release-windows-x86_64

Version: 1.5-0
Check: re-building of vignette outputs
Result: WARN Error(s) in re-building vignettes: ... --- re-building ‘mcmcse_vignette.Rnw’ using knitr Error: processing vignette 'mcmcse_vignette.Rnw' failed with diagnostics: Running 'texi2dvi' on 'mcmcse_vignette.tex' failed. LaTeX errors: ! Undefined control sequence. l.136 \hlkwd{library}\hldef {(mcmcse)} ? ! Emergency stop. ! Emergency stop. l.136 End of file on the terminal! ! ==> Fatal error occurred, no output PDF file produced! --- failed re-building ‘mcmcse_vignette.Rnw’ SUMMARY: processing the following file failed: ‘mcmcse_vignette.Rnw’ Error: Vignette re-building failed. Execution halted Flavor: r-release-macos-x86_64