CRAN Package Check Results for Package mcmcsae

Last updated on 2020-11-25 23:51:41 CET.

Flavor Version Tinstall Tcheck Ttotal Status Flags
r-devel-linux-x86_64-debian-clang 0.5.0 109.13 262.34 371.47 OK
r-devel-linux-x86_64-debian-gcc 0.5.0 123.28 197.31 320.59 OK
r-devel-linux-x86_64-fedora-clang 0.5.0 464.54 NOTE
r-devel-linux-x86_64-fedora-gcc 0.5.0 450.85 OK
r-devel-windows-ix86+x86_64 0.5.0 218.00 451.00 669.00 OK
r-patched-linux-x86_64 0.5.0 157.91 247.86 405.77 OK
r-patched-solaris-x86 0.5.0 531.70 OK
r-release-linux-x86_64 0.5.0 150.67 250.19 400.86 OK
r-release-macos-x86_64 0.5.0 NOTE
r-release-windows-ix86+x86_64 0.5.0 225.00 429.00 654.00 OK
r-oldrel-macos-x86_64 0.5.0 NOTE
r-oldrel-windows-ix86+x86_64 0.5.0 141.00 386.00 527.00 OK

Check Details

Version: 0.5.0
Check: installed package size
Result: NOTE
     installed size is 13.5Mb
     sub-directories of 1Mb or more:
     libs 12.1Mb
Flavors: r-devel-linux-x86_64-fedora-clang, r-release-macos-x86_64, r-oldrel-macos-x86_64