CRAN Package Check Results for Package mcGlobaloptim

Last updated on 2021-12-01 23:51:42 CET.

Flavor Version Tinstall Tcheck Ttotal Status Flags
r-devel-linux-x86_64-debian-clang 0.1 2.57 28.77 31.34 NOTE
r-devel-linux-x86_64-debian-gcc 0.1 2.04 22.14 24.18 NOTE
r-devel-linux-x86_64-fedora-clang 0.1 47.61 NOTE
r-devel-linux-x86_64-fedora-gcc 0.1 36.75 NOTE
r-devel-windows-x86_64-new-UL 0.1 6.00 64.00 70.00 NOTE
r-devel-windows-x86_64-new-TK 0.1 NOTE
r-devel-windows-x86_64-old 0.1 5.00 36.00 41.00 NOTE
r-patched-linux-x86_64 0.1 2.57 27.26 29.83 NOTE
r-patched-solaris-x86 0.1 57.10 NOTE
r-release-linux-x86_64 0.1 2.52 27.55 30.07 NOTE
r-release-macos-arm64 0.1 NOTE
r-release-macos-x86_64 0.1 NOTE
r-release-windows-ix86+x86_64 0.1 4.00 35.00 39.00 NOTE
r-oldrel-macos-x86_64 0.1 NOTE
r-oldrel-windows-ix86+x86_64 0.1 4.00 47.00 51.00 NOTE

Check Details

Version: 0.1
Check: R code for possible problems
Result: NOTE
    call_localoptim: no visible global function definition for 'optim'
    call_localoptim: no visible global function definition for 'nlminb'
    call_localoptim: no visible global function definition for
     'txtProgressBar'
    call_localoptim: no visible global function definition for
     'setTxtProgressBar'
    call_localoptim : <anonymous>: no visible global function definition
     for 'optim'
    call_localoptim : <anonymous>: no visible global function definition
     for 'nlminb'
    multiStartoptim: no visible global function definition for 'median'
    Undefined global functions or variables:
     median nlminb optim setTxtProgressBar txtProgressBar
    Consider adding
     importFrom("stats", "median", "nlminb", "optim")
     importFrom("utils", "setTxtProgressBar", "txtProgressBar")
    to your NAMESPACE file.
Flavors: r-devel-linux-x86_64-debian-clang, r-devel-linux-x86_64-debian-gcc, r-devel-linux-x86_64-fedora-clang, r-devel-linux-x86_64-fedora-gcc, r-devel-windows-x86_64-new-UL, r-devel-windows-x86_64-new-TK, r-devel-windows-x86_64-old, r-patched-linux-x86_64, r-patched-solaris-x86, r-release-linux-x86_64, r-release-macos-arm64, r-release-macos-x86_64, r-release-windows-ix86+x86_64, r-oldrel-macos-x86_64, r-oldrel-windows-ix86+x86_64