CRAN Package Check Results for Package mazeinda

Last updated on 2020-02-17 00:49:16 CET.

Flavor Version Tinstall Tcheck Ttotal Status Flags
r-devel-linux-x86_64-debian-clang 0.0.1 2.74 24.70 27.44 NOTE --no-vignettes
r-devel-linux-x86_64-debian-gcc 0.0.1 1.88 19.18 21.06 NOTE --no-vignettes
r-devel-linux-x86_64-fedora-clang 0.0.1 958.35 OK
r-devel-linux-x86_64-fedora-gcc 0.0.1 972.20 OK
r-devel-windows-ix86+x86_64 0.0.1 6.00 996.00 1002.00 NOTE
r-devel-windows-ix86+x86_64-gcc8 0.0.1 11.00 1012.00 1023.00 NOTE
r-patched-linux-x86_64 0.0.1 2.10 22.36 24.46 OK --no-vignettes
r-patched-solaris-x86 0.0.1 973.30 OK
r-release-linux-x86_64 0.0.1 2.03 22.19 24.22 OK --no-vignettes
r-release-windows-ix86+x86_64 0.0.1 5.00 600.00 605.00 NOTE
r-release-osx-x86_64 0.0.1 OK
r-oldrel-windows-ix86+x86_64 0.0.1 3.00 701.00 704.00 NOTE
r-oldrel-osx-x86_64 0.0.1 OK

Check Details

Version: 0.0.1
Flags: --no-vignettes
Check: package vignettes
Result: NOTE
    Package vignette with placeholder title 'Vignette Title':
     'my-vignette.Rmd'
Flavors: r-devel-linux-x86_64-debian-clang, r-devel-linux-x86_64-debian-gcc

Version: 0.0.1
Check: package dependencies
Result: NOTE
    Package suggested but not available for checking: 'doMC'
Flavors: r-devel-windows-ix86+x86_64, r-devel-windows-ix86+x86_64-gcc8, r-release-windows-ix86+x86_64, r-oldrel-windows-ix86+x86_64

Version: 0.0.1
Check: package vignettes
Result: NOTE
    Package vignette with placeholder title 'Vignette Title':
     'my-vignette.Rmd'
Flavors: r-devel-windows-ix86+x86_64, r-devel-windows-ix86+x86_64-gcc8