CRAN Package Check Results for Package mazeinda

Last updated on 2019-09-15 23:46:24 CEST.

Flavor Version Tinstall Tcheck Ttotal Status Flags
r-devel-linux-x86_64-debian-clang 0.0.1 2.40 22.50 24.90 NOTE --no-vignettes
r-devel-linux-x86_64-debian-gcc 0.0.1 1.94 17.98 19.92 NOTE --no-vignettes
r-devel-linux-x86_64-fedora-clang 0.0.1 841.57 OK
r-devel-linux-x86_64-fedora-gcc 0.0.1 788.02 OK
r-devel-windows-ix86+x86_64 0.0.1 11.00 671.00 682.00 NOTE
r-patched-linux-x86_64 0.0.1 2.14 22.15 24.29 OK --no-vignettes
r-patched-solaris-x86 0.0.1 981.50 OK
r-release-linux-x86_64 0.0.1 2.21 21.94 24.15 OK --no-vignettes
r-release-windows-ix86+x86_64 0.0.1 6.00 893.00 899.00 NOTE
r-release-osx-x86_64 0.0.1 OK
r-oldrel-windows-ix86+x86_64 0.0.1 5.00 660.00 665.00 NOTE
r-oldrel-osx-x86_64 0.0.1 OK

Check Details

Version: 0.0.1
Flags: --no-vignettes
Check: package vignettes
Result: NOTE
    Package vignette with placeholder title 'Vignette Title':
     'my-vignette.Rmd'
Flavors: r-devel-linux-x86_64-debian-clang, r-devel-linux-x86_64-debian-gcc

Version: 0.0.1
Check: package dependencies
Result: NOTE
    Package suggested but not available for checking: 'doMC'
Flavors: r-devel-windows-ix86+x86_64, r-release-windows-ix86+x86_64, r-oldrel-windows-ix86+x86_64

Version: 0.0.1
Check: package vignettes
Result: NOTE
    Package vignette with placeholder title 'Vignette Title':
     'my-vignette.Rmd'
Flavor: r-devel-windows-ix86+x86_64