Last updated on 2021-04-14 23:47:17 CEST.
Flavor | Version | Tinstall | Tcheck | Ttotal | Status | Flags |
---|---|---|---|---|---|---|
r-devel-linux-x86_64-debian-clang | 0.1.3 | 4.51 | 43.58 | 48.09 | NOTE | |
r-devel-linux-x86_64-debian-gcc | 0.1.3 | 3.72 | 33.12 | 36.84 | NOTE | |
r-devel-linux-x86_64-fedora-clang | 0.1.3 | 66.37 | NOTE | |||
r-devel-linux-x86_64-fedora-gcc | 0.1.3 | 56.58 | NOTE | |||
r-devel-windows-ix86+x86_64 | 0.1.3 | 9.00 | 5.00 | 14.00 | ERROR | |
r-devel-windows-x86_64-gcc10-UCRT | 0.1.3 | OK | ||||
r-patched-linux-x86_64 | 0.1.3 | 4.05 | 41.32 | 45.37 | NOTE | |
r-patched-solaris-x86 | 0.1.3 | 85.30 | NOTE | |||
r-release-linux-x86_64 | 0.1.3 | 3.70 | 41.23 | 44.93 | NOTE | |
r-release-macos-x86_64 | 0.1.3 | OK | ||||
r-release-windows-ix86+x86_64 | 0.1.3 | 8.00 | 64.00 | 72.00 | OK | |
r-oldrel-macos-x86_64 | 0.1.3 | OK | ||||
r-oldrel-windows-ix86+x86_64 | 0.1.3 | 8.00 | 45.00 | 53.00 | OK |
Version: 0.1.3
Check: for non-standard things in the check directory
Result: NOTE
Found the following files/directories:
'map_5.png' 'maze_5.html'
Flavors: r-devel-linux-x86_64-debian-clang, r-devel-linux-x86_64-debian-gcc, r-devel-linux-x86_64-fedora-clang, r-devel-linux-x86_64-fedora-gcc, r-patched-linux-x86_64, r-patched-solaris-x86, r-release-linux-x86_64
Version: 0.1.3
Check: whether package can be installed
Result: ERROR
Installation failed.
See for details.
*
Flavor: r-devel-windows-ix86+x86_64