CRAN Package Check Results for Package matrixsampling

Last updated on 2024-07-15 00:49:48 CEST.

Flavor Version Tinstall Tcheck Ttotal Status Flags
r-devel-linux-x86_64-debian-clang 2.0.0 4.26 43.51 47.77 NOTE
r-devel-linux-x86_64-debian-gcc 2.0.0 2.90 31.62 34.52 NOTE
r-devel-linux-x86_64-fedora-clang 2.0.0 58.88 NOTE
r-devel-linux-x86_64-fedora-gcc 2.0.0 57.71 NOTE
r-devel-windows-x86_64 2.0.0 4.00 52.00 56.00 NOTE
r-patched-linux-x86_64 2.0.0 3.71 41.76 45.47 NOTE
r-release-linux-x86_64 2.0.0 3.59 40.97 44.56 NOTE
r-release-macos-arm64 2.0.0 19.00 NOTE
r-release-macos-x86_64 2.0.0 29.00 NOTE
r-release-windows-x86_64 2.0.0 4.00 50.00 54.00 NOTE
r-oldrel-macos-arm64 2.0.0 19.00 NOTE
r-oldrel-macos-x86_64 2.0.0 31.00 NOTE
r-oldrel-windows-x86_64 2.0.0 5.00 56.00 61.00 NOTE

Check Details

Version: 2.0.0
Check: LazyData
Result: NOTE 'LazyData' is specified without a 'data' directory Flavors: r-devel-linux-x86_64-debian-clang, r-devel-linux-x86_64-debian-gcc, r-devel-linux-x86_64-fedora-clang, r-devel-linux-x86_64-fedora-gcc, r-devel-windows-x86_64, r-patched-linux-x86_64, r-release-linux-x86_64, r-release-macos-arm64, r-release-macos-x86_64, r-release-windows-x86_64, r-oldrel-macos-arm64, r-oldrel-macos-x86_64, r-oldrel-windows-x86_64