CRAN Package Check Results for Package matchingMarkets

Last updated on 2019-07-22 06:47:42 CEST.

Flavor Version Tinstall Tcheck Ttotal Status Flags
r-devel-linux-x86_64-debian-clang 1.0-1 177.08 134.09 311.17 OK
r-devel-linux-x86_64-debian-gcc 1.0-1 136.94 101.58 238.52 OK
r-devel-linux-x86_64-fedora-clang 1.0-1 434.00 NOTE
r-devel-linux-x86_64-fedora-gcc 1.0-1 427.33 OK
r-devel-windows-ix86+x86_64 1.0-1 330.00 226.00 556.00 NOTE
r-patched-linux-x86_64 1.0-1 161.13 134.50 295.63 OK
r-patched-solaris-x86 1.0-1 443.20 NOTE
r-release-linux-x86_64 1.0-1 165.96 133.31 299.27 OK
r-release-windows-ix86+x86_64 1.0-1 327.00 167.00 494.00 NOTE
r-release-osx-x86_64 1.0-1 NOTE
r-oldrel-windows-ix86+x86_64 1.0-1 447.00 164.00 611.00 NOTE
r-oldrel-osx-x86_64 1.0-1 NOTE

Check Details

Version: 1.0-1
Check: installed package size
Result: NOTE
     installed size is 14.1Mb
     sub-directories of 1Mb or more:
     java 3.3Mb
     libs 9.5Mb
Flavors: r-devel-linux-x86_64-fedora-clang, r-devel-windows-ix86+x86_64, r-patched-solaris-x86, r-release-windows-ix86+x86_64, r-release-osx-x86_64, r-oldrel-windows-ix86+x86_64, r-oldrel-osx-x86_64