CRAN Package Check Results for Package matchingMarkets

Last updated on 2019-11-10 23:48:31 CET.

Flavor Version Tinstall Tcheck Ttotal Status Flags
r-devel-linux-x86_64-debian-clang 1.0-1 196.38 137.02 333.40 OK
r-devel-linux-x86_64-debian-gcc 1.0-1 141.73 102.57 244.30 OK
r-devel-linux-x86_64-fedora-clang 1.0-1 476.15 NOTE
r-devel-linux-x86_64-fedora-gcc 1.0-1 434.71 OK
r-devel-windows-ix86+x86_64 1.0-1 356.00 7.00 363.00 ERROR
r-patched-linux-x86_64 1.0-1 156.15 133.95 290.10 OK
r-patched-solaris-x86 1.0-1 404.70 NOTE
r-release-linux-x86_64 1.0-1 160.19 134.81 295.00 OK
r-release-windows-ix86+x86_64 1.0-1 465.00 182.00 647.00 NOTE
r-release-osx-x86_64 1.0-1 NOTE
r-oldrel-windows-ix86+x86_64 1.0-1 457.00 229.00 686.00 NOTE
r-oldrel-osx-x86_64 1.0-1 NOTE

Check Details

Version: 1.0-1
Check: installed package size
Result: NOTE
     installed size is 15.0Mb
     sub-directories of 1Mb or more:
     java 3.3Mb
     libs 10.5Mb
Flavors: r-devel-linux-x86_64-fedora-clang, r-patched-solaris-x86, r-release-windows-ix86+x86_64, r-release-osx-x86_64, r-oldrel-windows-ix86+x86_64, r-oldrel-osx-x86_64

Version: 1.0-1
Check: whether package can be installed
Result: ERROR
    Installation failed.
Flavor: r-devel-windows-ix86+x86_64