Last updated on 2022-06-26 23:52:02 CEST.
Flavor | Version | Tinstall | Tcheck | Ttotal | Status | Flags |
---|---|---|---|---|---|---|
r-devel-linux-x86_64-debian-clang | 1.1.10 | 13.47 | 152.17 | 165.64 | OK | |
r-devel-linux-x86_64-debian-gcc | 1.1.10 | 12.60 | 110.74 | 123.34 | OK | |
r-devel-linux-x86_64-fedora-clang | 1.1.10 | 202.67 | WARN | |||
r-devel-linux-x86_64-fedora-gcc | 1.1.10 | 200.76 | WARN | |||
r-devel-windows-x86_64 | 1.1.10 | 41.00 | 185.00 | 226.00 | OK | |
r-patched-linux-x86_64 | 1.1.10 | 14.51 | 140.98 | 155.49 | OK | |
r-release-linux-x86_64 | 1.1.10 | 13.92 | 143.17 | 157.09 | OK | |
r-release-macos-arm64 | 1.1.10 | 61.00 | NOTE | |||
r-release-macos-x86_64 | 1.1.10 | 98.00 | NOTE | |||
r-release-windows-x86_64 | 1.1.10 | 52.00 | 179.00 | 231.00 | OK | |
r-oldrel-macos-arm64 | 1.1.10 | 59.00 | NOTE | |||
r-oldrel-macos-x86_64 | 1.1.10 | 75.00 | NOTE | |||
r-oldrel-windows-ix86+x86_64 | 1.1.10 | 34.00 | 169.00 | 203.00 | OK |
Version: 1.1.10
Check: package dependencies
Result: WARN
Requires (indirectly) orphaned package: ‘gtools’
Flavors: r-devel-linux-x86_64-fedora-clang, r-devel-linux-x86_64-fedora-gcc
Version: 1.1.10
Check: dependencies in R code
Result: NOTE
Namespace in Imports field not imported from: ‘Hmisc’
All declared Imports should be used.
Flavors: r-devel-linux-x86_64-fedora-clang, r-devel-linux-x86_64-fedora-gcc, r-release-macos-arm64, r-release-macos-x86_64, r-oldrel-macos-arm64, r-oldrel-macos-x86_64