CRAN Package Check Results for Package matahari

Last updated on 2022-11-26 23:58:20 CET.

Flavor Version Tinstall Tcheck Ttotal Status Flags
r-devel-linux-x86_64-debian-clang 0.1.3 5.18 48.48 53.66 NOTE
r-devel-linux-x86_64-debian-gcc 0.1.3 4.00 36.72 40.72 NOTE
r-devel-linux-x86_64-fedora-clang 0.1.3 77.78 NOTE
r-devel-linux-x86_64-fedora-gcc 0.1.3 72.96 NOTE
r-devel-windows-x86_64 0.1.3 9.00 88.00 97.00 NOTE
r-patched-linux-x86_64 0.1.3 NOTE
r-release-linux-x86_64 0.1.3 4.31 45.78 50.09 NOTE
r-release-macos-arm64 0.1.3 24.00 NOTE
r-release-macos-x86_64 0.1.3 41.00 NOTE
r-release-windows-x86_64 0.1.3 19.00 86.00 105.00 NOTE
r-oldrel-macos-arm64 0.1.3 22.00 NOTE
r-oldrel-macos-x86_64 0.1.3 35.00 NOTE
r-oldrel-windows-ix86+x86_64 0.1.3 12.00 70.00 82.00 NOTE

Check Details

Version: 0.1.3
Check: LazyData
Result: NOTE
     'LazyData' is specified without a 'data' directory
Flavors: r-devel-linux-x86_64-debian-clang, r-devel-linux-x86_64-debian-gcc, r-devel-linux-x86_64-fedora-clang, r-devel-linux-x86_64-fedora-gcc, r-devel-windows-x86_64, r-patched-linux-x86_64, r-release-linux-x86_64, r-release-macos-arm64, r-release-macos-x86_64, r-release-windows-x86_64, r-oldrel-macos-arm64, r-oldrel-macos-x86_64, r-oldrel-windows-ix86+x86_64