CRAN Package Check Results for Package mastif

Last updated on 2022-12-02 23:50:32 CET.

Flavor Version Tinstall Tcheck Ttotal Status Flags
r-devel-linux-x86_64-debian-clang 1.0.1 65.66 130.28 195.94 NOTE
r-devel-linux-x86_64-debian-gcc 1.0.1 53.43 93.49 146.92 NOTE
r-devel-linux-x86_64-fedora-clang 1.0.1 268.69 NOTE
r-devel-linux-x86_64-fedora-gcc 1.0.1 247.47 NOTE
r-devel-windows-x86_64 1.0.1 174.00 161.00 335.00 NOTE
r-patched-linux-x86_64 1.0.1 56.52 123.37 179.89 NOTE
r-release-linux-x86_64 1.0.1 59.01 124.96 183.97 NOTE
r-release-macos-arm64 1.0.1 56.00 NOTE
r-release-macos-x86_64 1.0.1 74.00 NOTE
r-release-windows-x86_64 1.0.1 69.00 175.00 244.00 NOTE
r-oldrel-macos-arm64 1.0.1 67.00 NOTE
r-oldrel-macos-x86_64 1.0.1 83.00 NOTE
r-oldrel-windows-ix86+x86_64 1.0.1 129.00 174.00 303.00 NOTE

Additional issues

donttest

Check Details

Version: 1.0.1
Check: LazyData
Result: NOTE
     'LazyData' is specified without a 'data' directory
Flavors: r-devel-linux-x86_64-debian-clang, r-devel-linux-x86_64-debian-gcc, r-devel-linux-x86_64-fedora-clang, r-devel-linux-x86_64-fedora-gcc, r-devel-windows-x86_64, r-patched-linux-x86_64, r-release-linux-x86_64, r-release-macos-arm64, r-release-macos-x86_64, r-release-windows-x86_64, r-oldrel-macos-arm64, r-oldrel-macos-x86_64, r-oldrel-windows-ix86+x86_64