CRAN Package Check Results for Package mashr

Last updated on 2022-07-05 23:55:44 CEST.

Flavor Version Tinstall Tcheck Ttotal Status Flags
r-devel-linux-x86_64-debian-clang 0.2.57 66.60 316.16 382.76 NOTE
r-devel-linux-x86_64-debian-gcc 0.2.57 57.04 230.33 287.37 NOTE
r-devel-linux-x86_64-fedora-clang 0.2.57 479.39 NOTE
r-devel-linux-x86_64-fedora-gcc 0.2.57 467.34 NOTE
r-devel-windows-x86_64 0.2.57 86.00 371.00 457.00 NOTE
r-patched-linux-x86_64 0.2.57 64.92 295.09 360.01 NOTE
r-release-linux-x86_64 0.2.57 61.17 301.62 362.79 NOTE
r-release-macos-arm64 0.2.57 148.00 NOTE
r-release-macos-x86_64 0.2.57 177.00 NOTE
r-release-windows-x86_64 0.2.57 99.00 403.00 502.00 NOTE
r-oldrel-macos-arm64 0.2.57 144.00 NOTE
r-oldrel-macos-x86_64 0.2.57 175.00 NOTE
r-oldrel-windows-ix86+x86_64 0.2.57 157.00 512.00 669.00 NOTE

Check Details

Version: 0.2.57
Check: package dependencies
Result: NOTE
    Package suggested but not available for checking: 'flashr'
Flavors: r-devel-linux-x86_64-debian-clang, r-devel-linux-x86_64-debian-gcc, r-devel-linux-x86_64-fedora-clang, r-devel-linux-x86_64-fedora-gcc, r-devel-windows-x86_64, r-patched-linux-x86_64, r-release-linux-x86_64, r-release-macos-arm64, r-release-macos-x86_64, r-release-windows-x86_64, r-oldrel-macos-arm64, r-oldrel-macos-x86_64, r-oldrel-windows-ix86+x86_64

Version: 0.2.57
Check: installed package size
Result: NOTE
     installed size is 8.5Mb
     sub-directories of 1Mb or more:
     libs 7.6Mb
Flavors: r-release-macos-arm64, r-release-macos-x86_64, r-oldrel-macos-arm64, r-oldrel-macos-x86_64