CRAN Package Check Results for Package markovchain

Last updated on 2022-07-04 23:53:27 CEST.

Flavor Version Tinstall Tcheck Ttotal Status Flags
r-devel-linux-x86_64-debian-clang 0.8.9 154.22 288.56 442.78 OK
r-devel-linux-x86_64-debian-gcc 0.9.0 144.47 210.35 354.82 OK
r-devel-linux-x86_64-fedora-clang 0.9.0 612.82 NOTE
r-devel-linux-x86_64-fedora-gcc 0.9.0 589.76 OK
r-devel-windows-x86_64 0.9.0 224.00 380.00 604.00 OK
r-patched-linux-x86_64 0.9.0 164.50 274.45 438.95 OK
r-release-linux-x86_64 0.9.0 159.09 271.34 430.43 OK
r-release-macos-arm64 0.9.0 151.00 WARN
r-release-macos-x86_64 0.9.0 170.00 WARN
r-release-windows-x86_64 0.9.0 194.00 327.00 521.00 OK
r-oldrel-macos-arm64 0.9.0 165.00 WARN
r-oldrel-macos-x86_64 0.9.0 174.00 WARN
r-oldrel-windows-ix86+x86_64 0.9.0 280.00 385.00 665.00 OK

Check Details

Version: 0.9.0
Check: installed package size
Result: NOTE
     installed size is 8.4Mb
     sub-directories of 1Mb or more:
     libs 6.7Mb
Flavors: r-devel-linux-x86_64-fedora-clang, r-release-macos-arm64, r-release-macos-x86_64, r-oldrel-macos-arm64, r-oldrel-macos-x86_64

Version: 0.9.0
Check: re-building of vignette outputs
Result: WARN
    Error(s) in re-building vignettes:
    --- re-building ‘an_introduction_to_markovchain_package.Rmd’ using rmarkdown
    Package: markovchain
    Version: 0.9.0
    Date: 2022-07-01
    BugReport: https://github.com/spedygiorgio/markovchain/issues
    
    ! LaTeX Error: File `orcidlink.sty' not found.
    
    ! Emergency stop.
    <read *>
    
    Error: processing vignette 'an_introduction_to_markovchain_package.Rmd' failed with diagnostics:
    LaTeX failed to compile /Volumes/Builds/packages/big-sur-arm64/results/4.2/markovchain.Rcheck/vign_test/markovchain/vignettes/an_introduction_to_markovchain_package.tex. See https://yihui.org/tinytex/r/#debugging for debugging tips. See an_introduction_to_markovchain_package.log for more info.
    --- failed re-building ‘an_introduction_to_markovchain_package.Rmd’
    
    --- re-building ‘gsoc_2017_additions.Rmd’ using rmarkdown
    --- finished re-building ‘gsoc_2017_additions.Rmd’
    
    --- re-building ‘higher_order_markov_chains.Rmd’ using rmarkdown
    This function is experimental
    ! LaTeX Error: File `orcidlink.sty' not found.
    
    ! Emergency stop.
    <read *>
    
    Error: processing vignette 'higher_order_markov_chains.Rmd' failed with diagnostics:
    LaTeX failed to compile /Volumes/Builds/packages/big-sur-arm64/results/4.2/markovchain.Rcheck/vign_test/markovchain/vignettes/higher_order_markov_chains.tex. See https://yihui.org/tinytex/r/#debugging for debugging tips. See higher_order_markov_chains.log for more info.
    --- failed re-building ‘higher_order_markov_chains.Rmd’
    
    SUMMARY: processing the following files failed:
     ‘an_introduction_to_markovchain_package.Rmd’
     ‘higher_order_markov_chains.Rmd’
    
    Error: Vignette re-building failed.
    Execution halted
Flavor: r-release-macos-arm64

Version: 0.9.0
Check: re-building of vignette outputs
Result: WARN
    Error(s) in re-building vignettes:
    --- re-building ‘an_introduction_to_markovchain_package.Rmd’ using rmarkdown
    Package: markovchain
    Version: 0.9.0
    Date: 2022-07-01
    BugReport: https://github.com/spedygiorgio/markovchain/issues
    
    ! LaTeX Error: File `orcidlink.sty' not found.
    
    ! Emergency stop.
    <read *>
    
    Error: processing vignette 'an_introduction_to_markovchain_package.Rmd' failed with diagnostics:
    LaTeX failed to compile /Volumes/Builds/packages/high-sierra-x86_64/results/4.2/markovchain.Rcheck/vign_test/markovchain/vignettes/an_introduction_to_markovchain_package.tex. See https://yihui.org/tinytex/r/#debugging for debugging tips. See an_introduction_to_markovchain_package.log for more info.
    --- failed re-building ‘an_introduction_to_markovchain_package.Rmd’
    
    --- re-building ‘gsoc_2017_additions.Rmd’ using rmarkdown
    --- finished re-building ‘gsoc_2017_additions.Rmd’
    
    --- re-building ‘higher_order_markov_chains.Rmd’ using rmarkdown
    This function is experimental
    ! LaTeX Error: File `orcidlink.sty' not found.
    
    ! Emergency stop.
    <read *>
    
    Error: processing vignette 'higher_order_markov_chains.Rmd' failed with diagnostics:
    LaTeX failed to compile /Volumes/Builds/packages/high-sierra-x86_64/results/4.2/markovchain.Rcheck/vign_test/markovchain/vignettes/higher_order_markov_chains.tex. See https://yihui.org/tinytex/r/#debugging for debugging tips. See higher_order_markov_chains.log for more info.
    --- failed re-building ‘higher_order_markov_chains.Rmd’
    
    SUMMARY: processing the following files failed:
     ‘an_introduction_to_markovchain_package.Rmd’
     ‘higher_order_markov_chains.Rmd’
    
    Error: Vignette re-building failed.
    Execution halted
Flavor: r-release-macos-x86_64

Version: 0.9.0
Check: re-building of vignette outputs
Result: WARN
    Error(s) in re-building vignettes:
    --- re-building ‘an_introduction_to_markovchain_package.Rmd’ using rmarkdown
    Package: markovchain
    Version: 0.9.0
    Date: 2022-07-01
    BugReport: https://github.com/spedygiorgio/markovchain/issues
    
    ! LaTeX Error: File `orcidlink.sty' not found.
    
    ! Emergency stop.
    <read *>
    
    Error: processing vignette 'an_introduction_to_markovchain_package.Rmd' failed with diagnostics:
    LaTeX failed to compile /Volumes/Builds/packages/big-sur-arm64/results/4.1/markovchain.Rcheck/vign_test/markovchain/vignettes/an_introduction_to_markovchain_package.tex. See https://yihui.org/tinytex/r/#debugging for debugging tips. See an_introduction_to_markovchain_package.log for more info.
    --- failed re-building ‘an_introduction_to_markovchain_package.Rmd’
    
    --- re-building ‘gsoc_2017_additions.Rmd’ using rmarkdown
    Package: markovchain
    Version: 0.9.0
    Date: 2022-07-01
    BugReport: https://github.com/spedygiorgio/markovchain/issues
    
    --- finished re-building ‘gsoc_2017_additions.Rmd’
    
    --- re-building ‘higher_order_markov_chains.Rmd’ using rmarkdown
    Loading required package: markovchain
    Package: markovchain
    Version: 0.9.0
    Date: 2022-07-01
    BugReport: https://github.com/spedygiorgio/markovchain/issues
    
    This function is experimental
    ! LaTeX Error: File `orcidlink.sty' not found.
    
    ! Emergency stop.
    <read *>
    
    Error: processing vignette 'higher_order_markov_chains.Rmd' failed with diagnostics:
    LaTeX failed to compile /Volumes/Builds/packages/big-sur-arm64/results/4.1/markovchain.Rcheck/vign_test/markovchain/vignettes/higher_order_markov_chains.tex. See https://yihui.org/tinytex/r/#debugging for debugging tips. See higher_order_markov_chains.log for more info.
    --- failed re-building ‘higher_order_markov_chains.Rmd’
    
    SUMMARY: processing the following files failed:
     ‘an_introduction_to_markovchain_package.Rmd’
     ‘higher_order_markov_chains.Rmd’
    
    Error: Vignette re-building failed.
    Execution halted
Flavor: r-oldrel-macos-arm64

Version: 0.9.0
Check: re-building of vignette outputs
Result: WARN
    Error(s) in re-building vignettes:
    --- re-building ‘an_introduction_to_markovchain_package.Rmd’ using rmarkdown
    Package: markovchain
    Version: 0.9.0
    Date: 2022-07-01
    BugReport: https://github.com/spedygiorgio/markovchain/issues
    
    ! LaTeX Error: File `orcidlink.sty' not found.
    
    ! Emergency stop.
    <read *>
    
    Error: processing vignette 'an_introduction_to_markovchain_package.Rmd' failed with diagnostics:
    LaTeX failed to compile /Volumes/Builds/packages/high-sierra-x86_64/results/4.1/markovchain.Rcheck/vign_test/markovchain/vignettes/an_introduction_to_markovchain_package.tex. See https://yihui.org/tinytex/r/#debugging for debugging tips. See an_introduction_to_markovchain_package.log for more info.
    --- failed re-building ‘an_introduction_to_markovchain_package.Rmd’
    
    --- re-building ‘gsoc_2017_additions.Rmd’ using rmarkdown
    Package: markovchain
    Version: 0.9.0
    Date: 2022-07-01
    BugReport: https://github.com/spedygiorgio/markovchain/issues
    
    --- finished re-building ‘gsoc_2017_additions.Rmd’
    
    --- re-building ‘higher_order_markov_chains.Rmd’ using rmarkdown
    Loading required package: markovchain
    Package: markovchain
    Version: 0.9.0
    Date: 2022-07-01
    BugReport: https://github.com/spedygiorgio/markovchain/issues
    
    This function is experimental
    ! LaTeX Error: File `orcidlink.sty' not found.
    
    ! Emergency stop.
    <read *>
    
    Error: processing vignette 'higher_order_markov_chains.Rmd' failed with diagnostics:
    LaTeX failed to compile /Volumes/Builds/packages/high-sierra-x86_64/results/4.1/markovchain.Rcheck/vign_test/markovchain/vignettes/higher_order_markov_chains.tex. See https://yihui.org/tinytex/r/#debugging for debugging tips. See higher_order_markov_chains.log for more info.
    --- failed re-building ‘higher_order_markov_chains.Rmd’
    
    SUMMARY: processing the following files failed:
     ‘an_introduction_to_markovchain_package.Rmd’
     ‘higher_order_markov_chains.Rmd’
    
    Error: Vignette re-building failed.
    Execution halted
Flavor: r-oldrel-macos-x86_64