CRAN Package Check Results for Package markdownInput

Last updated on 2022-08-16 23:57:25 CEST.

Flavor Version Tinstall Tcheck Ttotal Status Flags
r-devel-linux-x86_64-debian-clang 0.1.2 3.24 37.01 40.25 NOTE
r-devel-linux-x86_64-debian-gcc 0.1.2 2.83 29.20 32.03 NOTE
r-devel-linux-x86_64-fedora-clang 0.1.2 59.42 NOTE
r-devel-linux-x86_64-fedora-gcc 0.1.2 58.38 NOTE
r-devel-windows-x86_64 0.1.2 18.00 62.00 80.00 NOTE
r-patched-linux-x86_64 0.1.2 3.51 36.85 40.36 NOTE
r-release-linux-x86_64 0.1.2 2.73 36.63 39.36 NOTE
r-release-macos-arm64 0.1.2 19.00 NOTE
r-release-macos-x86_64 0.1.2 33.00 NOTE
r-release-windows-x86_64 0.1.2 15.00 66.00 81.00 NOTE
r-oldrel-macos-arm64 0.1.2 21.00 NOTE
r-oldrel-macos-x86_64 0.1.2 30.00 NOTE
r-oldrel-windows-ix86+x86_64 0.1.2 11.00 63.00 74.00 NOTE

Check Details

Version: 0.1.2
Check: LazyData
Result: NOTE
     'LazyData' is specified without a 'data' directory
Flavors: r-devel-linux-x86_64-debian-clang, r-devel-linux-x86_64-debian-gcc, r-devel-linux-x86_64-fedora-clang, r-devel-linux-x86_64-fedora-gcc, r-devel-windows-x86_64, r-patched-linux-x86_64, r-release-linux-x86_64, r-release-macos-arm64, r-release-macos-x86_64, r-release-windows-x86_64, r-oldrel-macos-arm64, r-oldrel-macos-x86_64, r-oldrel-windows-ix86+x86_64