CRAN Package Check Results for Package mapview

Last updated on 2024-07-13 00:55:30 CEST.

Flavor Version Tinstall Tcheck Ttotal Status Flags
r-devel-linux-x86_64-debian-clang 2.11.2 46.88 419.91 466.79 OK
r-devel-linux-x86_64-debian-gcc 2.11.2 34.26 296.18 330.44 OK
r-devel-linux-x86_64-fedora-clang 2.11.2 559.38 NOTE
r-devel-linux-x86_64-fedora-gcc 2.11.2 548.95 NOTE
r-devel-windows-x86_64 2.11.2 34.00 249.00 283.00 NOTE
r-patched-linux-x86_64 2.11.2 42.41 391.41 433.82 OK
r-release-linux-x86_64 2.11.2 41.70 387.62 429.32 OK
r-release-macos-arm64 2.11.2 132.00 OK
r-release-macos-x86_64 2.11.2 251.00 OK
r-release-windows-x86_64 2.11.2 33.00 248.00 281.00 OK
r-oldrel-macos-arm64 2.11.2 136.00 OK
r-oldrel-macos-x86_64 2.11.2 316.00 OK
r-oldrel-windows-x86_64 2.11.2 48.00 340.00 388.00 OK

Check Details

Version: 2.11.2
Check: Rd cross-references
Result: NOTE Undeclared package ‘chromote’ in Rd xrefs Flavor: r-devel-linux-x86_64-fedora-clang

Version: 2.11.2
Check: data for non-ASCII characters
Result: NOTE Note: found 1 marked UTF-8 string Flavors: r-devel-linux-x86_64-fedora-clang, r-devel-linux-x86_64-fedora-gcc

Version: 2.11.2
Check: Rd cross-references
Result: NOTE Found the following Rd file(s) with Rd \link{} targets missing package anchors: mapView.Rd: levelplot, addControl, addLegend, addRasterImage, addCircles, addPolygons, addPolylines, addMapPane, highlightOptions, st_sf, brick, satellite, st_sfc, st_bbox, SpatialPixelsDataFrame, SpatialGridDataFrame, SpatialPointsDataFrame, SpatialPoints, SpatialPolygonsDataFrame, SpatialPolygons, SpatialLinesDataFrame, SpatialLines mapviewColors.Rd: level.colors mapviewOptions.Rd: addRasterImage, addLegend, addMapPane, rasterOptions mapviewOutput.Rd: shinyWidgetOutput viewExtent.Rd: popupTable, addControl, addRectangles viewRGB.Rd: plotRGB Please provide package anchors for all Rd \link{} targets not in the package itself and the base packages. Flavor: r-devel-windows-x86_64