CRAN Package Check Results for Package maptools

Last updated on 2019-09-08 23:47:17 CEST.

Flavor Version Tinstall Tcheck Ttotal Status Flags
r-devel-linux-x86_64-debian-clang 0.9-5 WARN
r-devel-linux-x86_64-debian-gcc 0.9-5 12.62 84.70 97.32 WARN
r-devel-linux-x86_64-fedora-clang 0.9-5 149.98 OK
r-devel-linux-x86_64-fedora-gcc 0.9-5 158.12 WARN
r-devel-windows-ix86+x86_64 0.9-5 60.00 210.00 270.00 OK
r-patched-linux-x86_64 0.9-5 14.95 108.88 123.83 OK
r-patched-solaris-x86 0.9-5 199.80 OK
r-release-linux-x86_64 0.9-5 15.05 107.35 122.40 OK
r-release-windows-ix86+x86_64 0.9-5 46.00 283.00 329.00 OK
r-release-osx-x86_64 0.9-5 OK
r-oldrel-windows-ix86+x86_64 0.9-5 46.00 176.00 222.00 OK
r-oldrel-osx-x86_64 0.9-5 OK

Check Details

Version: 0.9-5
Check: whether package can be installed
Result: WARN
    Found the following significant warnings:
     shpopen.c:507:5: warning: ignoring return value of function declared with 'warn_unused_result' attribute [-Wunused-result]
     shptree.c:771:9: warning: ignoring return value of function declared with 'warn_unused_result' attribute [-Wunused-result]
     shptree.c:731:5: warning: ignoring return value of function declared with 'warn_unused_result' attribute [-Wunused-result]
     shptree.c:734:5: warning: ignoring return value of function declared with 'warn_unused_result' attribute [-Wunused-result]
     shptree.c:735:5: warning: ignoring return value of function declared with 'warn_unused_result' attribute [-Wunused-result]
     shptree.c:744:5: warning: ignoring return value of function declared with 'warn_unused_result' attribute [-Wunused-result]
     shptree.c:786:5: warning: ignoring return value of function declared with 'warn_unused_result' attribute [-Wunused-result]
     shptree.c:829:5: warning: ignoring return value of function declared with 'warn_unused_result' attribute [-Wunused-result]
Flavor: r-devel-linux-x86_64-debian-clang

Version: 0.9-5
Check: whether package can be installed
Result: WARN
    Found the following significant warnings:
     shpopen.c:507:5: warning: ignoring return value of ‘fread’, declared with attribute warn_unused_result [-Wunused-result]
     shptree.c:829:5: warning: ignoring return value of ‘fread’, declared with attribute warn_unused_result [-Wunused-result]
     shptree.c:731:5: warning: ignoring return value of ‘fread’, declared with attribute warn_unused_result [-Wunused-result]
     shptree.c:734:5: warning: ignoring return value of ‘fread’, declared with attribute warn_unused_result [-Wunused-result]
     shptree.c:735:5: warning: ignoring return value of ‘fread’, declared with attribute warn_unused_result [-Wunused-result]
     shptree.c:744:5: warning: ignoring return value of ‘fread’, declared with attribute warn_unused_result [-Wunused-result]
     shptree.c:771:9: warning: ignoring return value of ‘fread’, declared with attribute warn_unused_result [-Wunused-result]
     shptree.c:786:5: warning: ignoring return value of ‘fread’, declared with attribute warn_unused_result [-Wunused-result]
Flavors: r-devel-linux-x86_64-debian-gcc, r-devel-linux-x86_64-fedora-gcc