CRAN Package Check Results for Package maps

Last updated on 2020-11-23 23:50:40 CET.

Flavor Version Tinstall Tcheck Ttotal Status Flags
r-devel-linux-x86_64-debian-clang 3.3.0 10.54 40.23 50.77 OK
r-devel-linux-x86_64-debian-gcc 3.3.0 7.48 31.07 38.55 OK
r-devel-linux-x86_64-fedora-clang 3.3.0 65.15 OK
r-devel-linux-x86_64-fedora-gcc 3.3.0 54.38 OK
r-devel-windows-ix86+x86_64 3.3.0 32.00 59.00 91.00 OK
r-patched-linux-x86_64 3.3.0 11.14 40.51 51.65 OK
r-patched-solaris-x86 3.3.0 80.50 NOTE
r-release-linux-x86_64 3.3.0 9.01 38.83 47.84 OK
r-release-macos-x86_64 3.3.0 OK
r-release-windows-ix86+x86_64 3.3.0 30.00 66.00 96.00 OK
r-oldrel-macos-x86_64 3.3.0 OK
r-oldrel-windows-ix86+x86_64 3.3.0 27.00 69.00 96.00 OK

Check Details

Version: 3.3.0
Check: installed package size
Result: NOTE
     installed size is 5.3Mb
     sub-directories of 1Mb or more:
     mapdata 4.2Mb
Flavor: r-patched-solaris-x86