CRAN Package Check Results for Package mapfit

Last updated on 2022-01-23 23:50:21 CET.

Flavor Version Tinstall Tcheck Ttotal Status Flags
r-devel-linux-x86_64-debian-clang 0.9.7 72.74 94.31 167.05 NOTE
r-devel-linux-x86_64-debian-gcc 0.9.7 54.32 81.61 135.93 NOTE
r-devel-linux-x86_64-fedora-clang 0.9.7 246.04 NOTE
r-devel-linux-x86_64-fedora-gcc 0.9.7 197.30 NOTE
r-devel-windows-x86_64-new-UL 0.9.7 188.00 130.00 318.00 NOTE
r-devel-windows-x86_64-new-TK 0.9.7 NOTE
r-patched-linux-x86_64 0.9.7 64.69 92.46 157.15 NOTE
r-release-linux-x86_64 0.9.7 58.87 91.42 150.29 NOTE
r-release-macos-arm64 0.9.7 NOTE
r-release-macos-x86_64 0.9.7 NOTE
r-release-windows-ix86+x86_64 0.9.7 180.00 153.00 333.00 NOTE
r-oldrel-macos-x86_64 0.9.7 NOTE
r-oldrel-windows-ix86+x86_64 0.9.7 178.00 154.00 332.00 NOTE

Additional issues

rchk

Check Details

Version: 0.9.7
Check: R code for possible problems
Result: NOTE
    cf1.sample: no visible global function definition for 'rexp'
    cf1.sample: no visible global function definition for 'rmultinom'
    dherlang : <anonymous> : <anonymous>: no visible global function
     definition for 'dgamma'
    erhmm.param.kmeans: no visible global function definition for 'kmeans'
    erhmm.param.kmeans: no visible global function definition for 'var'
    erhmm.param.kmeans: no visible global function definition for 'runif'
    gmmpp.param.kmeans: no visible global function definition for 'kmeans'
    gmmpp.param.kmeans: no visible global function definition for 'runif'
    herlang.param.kmeans: no visible global function definition for
     'kmeans'
    herlang.param.kmeans: no visible global function definition for 'var'
    map.param.kmeans: no visible global function definition for 'kmeans'
    map.param.kmeans: no visible global function definition for 'runif'
    ph.param.random: no visible global function definition for 'runif'
    ph.sample: no visible global function definition for 'rmultinom'
    ph.sample: no visible global function definition for 'rexp'
    pherlang : <anonymous> : <anonymous>: no visible global function
     definition for 'pgamma'
    rherlang: no visible global function definition for 'rmultinom'
    rherlang : <anonymous>: no visible global function definition for
     'rgamma'
    Undefined global functions or variables:
     dgamma kmeans pgamma rexp rgamma rmultinom runif var
    Consider adding
     importFrom("stats", "dgamma", "kmeans", "pgamma", "rexp", "rgamma",
     "rmultinom", "runif", "var")
    to your NAMESPACE file.
Flavors: r-devel-linux-x86_64-debian-clang, r-devel-linux-x86_64-debian-gcc, r-devel-linux-x86_64-fedora-clang, r-devel-linux-x86_64-fedora-gcc, r-devel-windows-x86_64-new-UL, r-devel-windows-x86_64-new-TK, r-patched-linux-x86_64, r-release-linux-x86_64, r-release-macos-arm64, r-release-macos-x86_64, r-release-windows-ix86+x86_64, r-oldrel-macos-x86_64, r-oldrel-windows-ix86+x86_64

Version: 0.9.7
Check: compiled code
Result: NOTE
    File ‘mapfit/libs/mapfit.so’:
     Found no call to: ‘R_useDynamicSymbols’
    
    It is good practice to register native routines and to disable symbol
    search.
    
    See ‘Writing portable packages’ in the ‘Writing R Extensions’ manual.
Flavors: r-devel-linux-x86_64-fedora-clang, r-devel-linux-x86_64-fedora-gcc