Last updated on 2023-01-30 00:31:17 CET.
Flavor | Version | Tinstall | Tcheck | Ttotal | Status | Flags |
---|---|---|---|---|---|---|
r-devel-linux-x86_64-debian-clang | 0.6.0 | 5.96 | 55.89 | 61.85 | NOTE | |
r-devel-linux-x86_64-debian-gcc | 0.6.0 | 4.47 | 42.46 | 46.93 | NOTE | |
r-devel-linux-x86_64-fedora-clang | 0.6.0 | 80.94 | NOTE | |||
r-devel-linux-x86_64-fedora-gcc | 0.6.0 | 76.26 | NOTE | |||
r-devel-windows-x86_64 | 0.6.0 | 23.00 | 90.00 | 113.00 | NOTE | |
r-patched-linux-x86_64 | 0.6.0 | 8.33 | 53.47 | 61.80 | NOTE | |
r-release-linux-x86_64 | 0.6.0 | 3.61 | 53.91 | 57.52 | NOTE | |
r-release-macos-arm64 | 0.6.0 | 23.00 | NOTE | |||
r-release-macos-x86_64 | 0.6.0 | 41.00 | NOTE | |||
r-release-windows-x86_64 | 0.6.0 | 20.00 | 93.00 | 113.00 | NOTE | |
r-oldrel-macos-arm64 | 0.6.0 | 24.00 | NOTE | |||
r-oldrel-macos-x86_64 | 0.6.0 | 41.00 | NOTE | |||
r-oldrel-windows-ix86+x86_64 | 0.6.0 | 15.00 | 89.00 | 104.00 | NOTE |
Version: 0.6.0
Check: package subdirectories
Result: NOTE
Problems with news in ‘NEWS.md’:
Cannot extract version info from the following section titles:
Bug Fixes
Flavors: r-devel-linux-x86_64-debian-clang, r-devel-linux-x86_64-debian-gcc, r-devel-linux-x86_64-fedora-clang, r-devel-linux-x86_64-fedora-gcc, r-devel-windows-x86_64
Version: 0.6.0
Check: LazyData
Result: NOTE
'LazyData' is specified without a 'data' directory
Flavors: r-devel-linux-x86_64-debian-clang, r-devel-linux-x86_64-debian-gcc, r-devel-linux-x86_64-fedora-clang, r-devel-linux-x86_64-fedora-gcc, r-devel-windows-x86_64, r-patched-linux-x86_64, r-release-linux-x86_64, r-release-macos-arm64, r-release-macos-x86_64, r-release-windows-x86_64, r-oldrel-macos-arm64, r-oldrel-macos-x86_64, r-oldrel-windows-ix86+x86_64