CRAN Package Check Results for Package manydata

Last updated on 2022-12-09 23:52:11 CET.

Flavor Version Tinstall Tcheck Ttotal Status Flags
r-devel-linux-x86_64-debian-clang 0.8.2 15.22 165.64 180.86 OK
r-devel-linux-x86_64-debian-gcc 0.8.2 12.95 130.45 143.40 OK
r-devel-linux-x86_64-fedora-clang 0.8.2 242.37 NOTE
r-devel-linux-x86_64-fedora-gcc 0.8.2 252.52 NOTE
r-devel-windows-x86_64 0.8.2 40.00 234.00 274.00 OK
r-patched-linux-x86_64 0.8.2 14.26 165.91 180.17 OK
r-release-linux-x86_64 0.8.2 15.22 163.76 178.98 OK
r-release-macos-arm64 0.8.2 81.00 NOTE
r-release-macos-x86_64 0.8.2 96.00 NOTE
r-release-windows-x86_64 0.8.2 44.00 240.00 284.00 OK
r-oldrel-macos-arm64 0.8.2 72.00 NOTE
r-oldrel-macos-x86_64 0.8.2 94.00 NOTE
r-oldrel-windows-ix86+x86_64 0.8.2 41.00 242.00 283.00 OK

Check Details

Version: 0.8.2
Check: data for non-ASCII characters
Result: NOTE
     Note: found 3 marked UTF-8 strings
Flavors: r-devel-linux-x86_64-fedora-clang, r-devel-linux-x86_64-fedora-gcc, r-release-macos-arm64, r-release-macos-x86_64, r-oldrel-macos-arm64, r-oldrel-macos-x86_64