CRAN Package Check Results for Package manipulateWidget

Last updated on 2021-01-27 23:49:23 CET.

Flavor Version Tinstall Tcheck Ttotal Status Flags
r-devel-linux-x86_64-debian-clang 0.10.1 5.54 62.73 68.27 OK
r-devel-linux-x86_64-debian-gcc 0.10.1 OK
r-devel-linux-x86_64-fedora-clang 0.10.1 83.50 OK
r-devel-linux-x86_64-fedora-gcc 0.10.1 84.41 OK
r-devel-windows-ix86+x86_64 0.10.1 15.00 64.00 79.00 OK
r-patched-linux-x86_64 0.10.1 7.07 55.78 62.85 OK
r-patched-solaris-x86 0.10.1 108.40 WARN
r-release-linux-x86_64 0.10.1 5.21 55.59 60.80 OK
r-release-macos-x86_64 0.10.1 WARN
r-release-windows-ix86+x86_64 0.10.1 16.00 65.00 81.00 OK
r-oldrel-macos-x86_64 0.10.1 WARN
r-oldrel-windows-ix86+x86_64 0.10.1 15.00 90.00 105.00 OK

Check Details

Version: 0.10.1
Check: re-building of vignette outputs
Result: WARN
    Error(s) in re-building vignettes:
     ...
    --- re-building ‘manipulateWidgets.Rmd’ using rmarkdown
    Warning in engine$weave(file, quiet = quiet, encoding = enc) :
     Pandoc (>= 1.12.3) and/or pandoc-citeproc not available. Falling back to R Markdown v1.
    Warning in normalizePath(f2) :
     path[1]="webshot2276304f277a.png": No such file or directory
    Warning in file(con, "rb") :
     cannot open file 'webshot2276304f277a.png': No such file or directory
    Quitting from lines 61-68 (manipulateWidgets.Rmd)
    Error: processing vignette 'manipulateWidgets.Rmd' failed with diagnostics:
    cannot open the connection
    --- failed re-building ‘manipulateWidgets.Rmd’
    
    SUMMARY: processing the following file failed:
     ‘manipulateWidgets.Rmd’
    
    Error: Vignette re-building failed.
    Execution halted
Flavor: r-patched-solaris-x86

Version: 0.10.1
Check: re-building of vignette outputs
Result: WARN
    Error(s) in re-building vignettes:
     ...
    --- re-building ‘manipulateWidgets.Rmd’ using rmarkdown
    Warning in engine$weave(file, quiet = quiet, encoding = enc) :
     Pandoc (>= 1.12.3) and/or pandoc-citeproc not available. Falling back to R Markdown v1.
    Warning in normalizePath(f2) :
     path[1]="webshot12cb234a35ec4.png": No such file or directory
    Warning in file(con, "rb") :
     cannot open file 'webshot12cb234a35ec4.png': No such file or directory
    Quitting from lines 61-68 (manipulateWidgets.Rmd)
    Error: processing vignette 'manipulateWidgets.Rmd' failed with diagnostics:
    cannot open the connection
    --- failed re-building ‘manipulateWidgets.Rmd’
    
    SUMMARY: processing the following file failed:
     ‘manipulateWidgets.Rmd’
    
    Error: Vignette re-building failed.
    Execution halted
Flavor: r-release-macos-x86_64

Version: 0.10.1
Check: re-building of vignette outputs
Result: WARN
    Error(s) in re-building vignettes:
     ...
    --- re-building ‘manipulateWidgets.Rmd’ using rmarkdown
    Warning in engine$weave(file, quiet = quiet, encoding = enc) :
     Pandoc (>= 1.12.3) and/or pandoc-citeproc not available. Falling back to R Markdown v1.
    Warning in normalizePath(f2) :
     path[1]="webshot9723ea5db42.png": No such file or directory
    Warning in file(con, "rb") :
     cannot open file 'webshot9723ea5db42.png': No such file or directory
    Quitting from lines 61-68 (manipulateWidgets.Rmd)
    Error: processing vignette 'manipulateWidgets.Rmd' failed with diagnostics:
    cannot open the connection
    --- failed re-building ‘manipulateWidgets.Rmd’
    
    SUMMARY: processing the following file failed:
     ‘manipulateWidgets.Rmd’
    
    Error: Vignette re-building failed.
    Execution halted
Flavor: r-oldrel-macos-x86_64