Last updated on 2021-04-14 23:47:16 CEST.
Flavor | Version | Tinstall | Tcheck | Ttotal | Status | Flags |
---|---|---|---|---|---|---|
r-devel-linux-x86_64-debian-clang | 2.0 | 8.70 | 87.53 | 96.23 | OK | |
r-devel-linux-x86_64-debian-gcc | 2.0 | 7.26 | 67.24 | 74.50 | OK | |
r-devel-linux-x86_64-fedora-clang | 2.0 | 124.73 | OK | |||
r-devel-linux-x86_64-fedora-gcc | 2.0 | 114.98 | OK | |||
r-devel-windows-ix86+x86_64 | 2.0 | 23.00 | 3.00 | 26.00 | ERROR | |
r-devel-windows-x86_64-gcc10-UCRT | 2.0 | OK | ||||
r-patched-linux-x86_64 | 2.0 | 8.71 | 81.54 | 90.25 | OK | |
r-patched-solaris-x86 | 2.0 | 183.80 | OK | |||
r-release-linux-x86_64 | 2.0 | 8.36 | 81.78 | 90.14 | OK | |
r-release-macos-x86_64 | 2.0 | OK | ||||
r-release-windows-ix86+x86_64 | 2.0 | 26.00 | 110.00 | 136.00 | OK | |
r-oldrel-macos-x86_64 | 2.0 | OK | ||||
r-oldrel-windows-ix86+x86_64 | 2.0 | 18.00 | 75.00 | 93.00 | OK |
Version: 2.0
Check: whether package can be installed
Result: ERROR
Installation failed.
Flavor: r-devel-windows-ix86+x86_64