CRAN Package Check Results for Package malan

Last updated on 2022-08-14 23:54:06 CEST.

Flavor Version Tinstall Tcheck Ttotal Status Flags
r-devel-linux-x86_64-debian-clang 1.0.2 316.17 105.45 421.62 OK
r-devel-linux-x86_64-debian-gcc 1.0.2 255.53 77.67 333.20 OK
r-devel-linux-x86_64-fedora-clang 1.0.2 664.43 OK
r-devel-linux-x86_64-fedora-gcc 1.0.2 598.58 OK
r-devel-windows-x86_64 1.0.2 260.00 156.00 416.00 OK
r-patched-linux-x86_64 1.0.2 274.37 95.00 369.37 OK
r-release-linux-x86_64 1.0.2 268.04 97.60 365.64 OK
r-release-macos-arm64 1.0.2 141.00 NOTE
r-release-macos-x86_64 1.0.2 234.00 NOTE
r-release-windows-x86_64 1.0.2 254.00 161.00 415.00 OK
r-oldrel-macos-arm64 1.0.2 188.00 NOTE
r-oldrel-macos-x86_64 1.0.2 241.00 NOTE
r-oldrel-windows-ix86+x86_64 1.0.2 776.00 186.00 962.00 OK

Check Details

Version: 1.0.2
Check: installed package size
Result: NOTE
     installed size is 11.0Mb
     sub-directories of 1Mb or more:
     libs 10.0Mb
Flavors: r-release-macos-arm64, r-release-macos-x86_64, r-oldrel-macos-arm64, r-oldrel-macos-x86_64