CRAN Package Check Results for Package mail

Last updated on 2020-07-07 23:48:59 CEST.

Flavor Version Tinstall Tcheck Ttotal Status Flags
r-devel-linux-x86_64-debian-clang 1.0 1.53 17.09 18.62 NOTE
r-devel-linux-x86_64-debian-gcc 1.0 1.35 13.54 14.89 NOTE
r-devel-linux-x86_64-fedora-clang 1.0 32.23 NOTE
r-devel-linux-x86_64-fedora-gcc 1.0 22.36 NOTE
r-devel-windows-ix86+x86_64 1.0 5.00 27.00 32.00 NOTE
r-patched-linux-x86_64 1.0 1.64 17.07 18.71 NOTE
r-patched-solaris-x86 1.0 36.80 NOTE
r-release-linux-x86_64 1.0 1.62 17.04 18.66 NOTE
r-release-osx-x86_64 1.0 NOTE
r-release-windows-ix86+x86_64 1.0 4.00 29.00 33.00 NOTE
r-oldrel-osx-x86_64 1.0 NOTE
r-oldrel-windows-ix86+x86_64 1.0 5.00 37.00 42.00 NOTE

Check Details

Version: 1.0
Check: DESCRIPTION meta-information
Result: NOTE
    Malformed Description field: should contain one or more complete sentences.
Flavors: r-devel-linux-x86_64-debian-clang, r-devel-linux-x86_64-debian-gcc, r-devel-linux-x86_64-fedora-clang, r-devel-linux-x86_64-fedora-gcc, r-devel-windows-ix86+x86_64, r-patched-linux-x86_64, r-patched-solaris-x86, r-release-linux-x86_64, r-release-osx-x86_64, r-release-windows-ix86+x86_64, r-oldrel-osx-x86_64, r-oldrel-windows-ix86+x86_64