CRAN Package Check Results for Package mail

Last updated on 2019-08-11 23:47:33 CEST.

Flavor Version Tinstall Tcheck Ttotal Status Flags
r-devel-linux-x86_64-debian-clang 1.0 1.57 15.93 17.50 NOTE
r-devel-linux-x86_64-debian-gcc 1.0 1.32 12.95 14.27 NOTE
r-devel-linux-x86_64-fedora-clang 1.0 21.39 NOTE
r-devel-linux-x86_64-fedora-gcc 1.0 20.28 NOTE
r-devel-windows-ix86+x86_64 1.0 8.00 24.00 32.00 NOTE
r-patched-linux-x86_64 1.0 1.33 15.75 17.08 NOTE
r-patched-solaris-x86 1.0 35.10 NOTE
r-release-linux-x86_64 1.0 1.28 15.63 16.91 NOTE
r-release-windows-ix86+x86_64 1.0 5.00 37.00 42.00 NOTE
r-release-osx-x86_64 1.0 NOTE
r-oldrel-windows-ix86+x86_64 1.0 2.00 24.00 26.00 NOTE
r-oldrel-osx-x86_64 1.0 NOTE

Check Details

Version: 1.0
Check: DESCRIPTION meta-information
Result: NOTE
    Malformed Description field: should contain one or more complete sentences.
Flavors: r-devel-linux-x86_64-debian-clang, r-devel-linux-x86_64-debian-gcc, r-devel-linux-x86_64-fedora-clang, r-devel-linux-x86_64-fedora-gcc, r-devel-windows-ix86+x86_64, r-patched-linux-x86_64, r-patched-solaris-x86, r-release-linux-x86_64, r-release-windows-ix86+x86_64, r-release-osx-x86_64, r-oldrel-windows-ix86+x86_64, r-oldrel-osx-x86_64