Last updated on 2022-06-26 23:52:02 CEST.
Flavor | Version | Tinstall | Tcheck | Ttotal | Status | Flags |
---|---|---|---|---|---|---|
r-devel-linux-x86_64-debian-clang | 1.1.5 | 417.23 | 173.60 | 590.83 | OK | |
r-devel-linux-x86_64-debian-gcc | 1.1.5 | 337.47 | 130.40 | 467.87 | OK | |
r-devel-linux-x86_64-fedora-clang | 1.1.5 | 875.83 | NOTE | |||
r-devel-linux-x86_64-fedora-gcc | 1.1.5 | 780.22 | OK | |||
r-devel-windows-x86_64 | 1.1.5 | 289.00 | 237.00 | 526.00 | OK | |
r-patched-linux-x86_64 | 1.1.5 | 368.31 | 172.27 | 540.58 | OK | |
r-release-linux-x86_64 | 1.1.5 | 361.06 | 169.72 | 530.78 | OK | |
r-release-macos-arm64 | 1.1.5 | 176.00 | NOTE | |||
r-release-macos-x86_64 | 1.1.5 | 249.00 | NOTE | |||
r-release-windows-x86_64 | 1.1.5 | 286.00 | 229.00 | 515.00 | OK | |
r-oldrel-macos-arm64 | 1.1.5 | 198.00 | NOTE | |||
r-oldrel-macos-x86_64 | 1.1.5 | 263.00 | NOTE | |||
r-oldrel-windows-ix86+x86_64 | 1.1.5 | 967.00 | 540.00 | 1507.00 | NOTE |
Version: 1.1.5
Check: installed package size
Result: NOTE
installed size is 20.9Mb
sub-directories of 1Mb or more:
libs 19.5Mb
Flavors: r-devel-linux-x86_64-fedora-clang, r-release-macos-arm64, r-release-macos-x86_64, r-oldrel-macos-arm64, r-oldrel-macos-x86_64, r-oldrel-windows-ix86+x86_64